CRAN Package Check Results for Package SimInf

Last updated on 2021-09-25 09:54:06 CEST.

Flavor Version Tinstall Tcheck Ttotal Status Flags
r-devel-linux-x86_64-debian-clang 8.4.0 27.85 237.44 265.29 OK
r-devel-linux-x86_64-debian-gcc 8.4.0 20.63 187.95 208.58 OK
r-devel-linux-x86_64-fedora-clang 8.4.0 323.22 OK
r-devel-linux-x86_64-fedora-gcc 8.4.0 299.70 OK
r-devel-windows-x86_64 8.4.0 44.00 286.00 330.00 OK
r-devel-windows-x86_64-gcc10-UCRT 8.4.0 OK
r-patched-linux-x86_64 8.4.0 22.23 226.61 248.84 OK
r-patched-solaris-x86 8.4.0 516.40 OK
r-release-linux-x86_64 8.4.0 23.22 223.98 247.20 OK
r-release-macos-arm64 8.3.2 NOTE
r-release-macos-x86_64 8.4.0 NOTE
r-release-windows-ix86+x86_64 8.4.0 60.00 445.00 505.00 OK
r-oldrel-macos-x86_64 8.4.0 NOTE
r-oldrel-windows-ix86+x86_64 8.4.0 55.00 404.00 459.00 OK

Check Details

Version: 8.3.2
Check: installed package size
Result: NOTE
     installed size is 6.2Mb
     sub-directories of 1Mb or more:
     data 1.9Mb
     libs 2.8Mb
Flavor: r-release-macos-arm64

Version: 8.4.0
Check: installed package size
Result: NOTE
     installed size is 6.4Mb
     sub-directories of 1Mb or more:
     data 1.9Mb
     libs 2.9Mb
Flavors: r-release-macos-x86_64, r-oldrel-macos-x86_64