CRAN Package Check Results for Package SignacX

Last updated on 2021-10-22 09:53:19 CEST.

Flavor Version Tinstall Tcheck Ttotal Status Flags
r-devel-linux-x86_64-debian-clang 2.2.4 9.53 77.92 87.45 OK
r-devel-linux-x86_64-debian-gcc 2.2.4 7.17 61.29 68.46 OK
r-devel-linux-x86_64-fedora-clang 2.2.4 119.65 OK
r-devel-linux-x86_64-fedora-gcc 2.2.4 108.86 OK
r-devel-windows-x86_64 2.2.4 17.00 111.00 128.00 OK
r-devel-windows-x86_64-gcc10-UCRT 2.2.4 ERROR
r-patched-linux-x86_64 2.2.4 9.43 79.53 88.96 OK
r-patched-solaris-x86 2.2.4 147.10 OK
r-release-linux-x86_64 2.2.4 8.81 79.22 88.03 OK
r-release-macos-arm64 2.2.4 NOTE
r-release-macos-x86_64 2.2.4 NOTE
r-release-windows-ix86+x86_64 2.2.4 22.00 110.00 132.00 OK
r-oldrel-macos-x86_64 2.2.4 OK
r-oldrel-windows-ix86+x86_64 2.2.4 20.00 113.00 133.00 OK

Check Details

Version: 2.2.4
Check: package dependencies
Result: ERROR
    Packages required but not available: 'Seurat', 'igraph'
    
    See section 'The DESCRIPTION file' in the 'Writing R Extensions'
    manual.
Flavor: r-devel-windows-x86_64-gcc10-UCRT

Version: 2.2.4
Check: package dependencies
Result: NOTE
    Package suggested but not available for checking: ‘hdf5r’
Flavors: r-release-macos-arm64, r-release-macos-x86_64