CRAN Package Check Results for Package SelectBoost

Last updated on 2021-09-21 09:53:05 CEST.

Flavor Version Tinstall Tcheck Ttotal Status Flags
r-devel-linux-x86_64-debian-clang 2.2.0 18.00 129.92 147.92 OK
r-devel-linux-x86_64-debian-gcc 2.2.0 14.62 98.30 112.92 OK
r-devel-linux-x86_64-fedora-clang 2.2.0 188.37 NOTE
r-devel-linux-x86_64-fedora-gcc 2.2.0 177.52 NOTE
r-devel-windows-x86_64 2.2.0 22.00 125.00 147.00 OK
r-devel-windows-x86_64-gcc10-UCRT 2.2.0 ERROR
r-patched-linux-x86_64 2.2.0 16.55 126.16 142.71 OK
r-patched-solaris-x86 2.2.0 262.50 NOTE
r-release-linux-x86_64 2.2.0 18.86 127.69 146.55 OK
r-release-macos-arm64 2.2.0 NOTE
r-release-macos-x86_64 2.2.0 NOTE
r-release-windows-ix86+x86_64 2.2.0 35.00 167.00 202.00 OK
r-oldrel-macos-x86_64 2.2.0 NOTE
r-oldrel-windows-ix86+x86_64 2.2.0 35.00 172.00 207.00 OK

Check Details

Version: 2.2.0
Check: dependencies in R code
Result: NOTE
    Namespace in Imports field not imported from: ‘parallel’
     All declared Imports should be used.
Flavors: r-devel-linux-x86_64-fedora-clang, r-devel-linux-x86_64-fedora-gcc, r-devel-windows-x86_64-gcc10-UCRT, r-patched-solaris-x86, r-release-macos-arm64, r-release-macos-x86_64, r-oldrel-macos-x86_64

Version: 2.2.0
Check: whether package can be installed
Result: WARN
    Found the following significant warnings:
     WARNING: installation-time patches will not be applied, could not get the patches index
Flavor: r-devel-windows-x86_64-gcc10-UCRT

Version: 2.2.0
Check: PDF version of manual
Result: WARN
    LaTeX errors when creating PDF version.
    This typically indicates Rd problems.
Flavor: r-devel-windows-x86_64-gcc10-UCRT

Version: 2.2.0
Check: PDF version of manual without hyperrefs or index
Result: ERROR
    Re-running with no redirection of stdout/stderr.
Flavor: r-devel-windows-x86_64-gcc10-UCRT

Version: 2.2.0
Check: package dependencies
Result: NOTE
    Package suggested but not available for checking: ‘mixOmics’
Flavor: r-release-macos-arm64