CRAN Package Check Results for Package SecKW

Last updated on 2021-10-19 09:54:27 CEST.

Flavor Version Tinstall Tcheck Ttotal Status Flags
r-devel-linux-x86_64-debian-clang 0.2 2.52 21.52 24.04 NOTE
r-devel-linux-x86_64-debian-gcc 0.2 1.84 16.39 18.23 NOTE
r-devel-linux-x86_64-fedora-clang 0.2 39.62 NOTE
r-devel-linux-x86_64-fedora-gcc 0.2 28.86 NOTE
r-devel-windows-x86_64 0.2 4.00 37.00 41.00 NOTE
r-devel-windows-x86_64-gcc10-UCRT 0.2 NOTE
r-patched-linux-x86_64 0.2 1.97 20.30 22.27 NOTE
r-patched-solaris-x86 0.2 45.30 NOTE
r-release-linux-x86_64 0.2 2.48 20.96 23.44 NOTE
r-release-macos-arm64 0.2 NOTE
r-release-macos-x86_64 0.2 NOTE
r-release-windows-ix86+x86_64 0.2 5.00 37.00 42.00 NOTE
r-oldrel-macos-x86_64 0.2 OK
r-oldrel-windows-ix86+x86_64 0.2 6.00 38.00 44.00 OK

Check Details

Version: 0.2
Check: LazyData
Result: NOTE
     'LazyData' is specified without a 'data' directory
Flavors: r-devel-linux-x86_64-debian-clang, r-devel-linux-x86_64-debian-gcc, r-devel-linux-x86_64-fedora-clang, r-devel-linux-x86_64-fedora-gcc, r-devel-windows-x86_64, r-devel-windows-x86_64-gcc10-UCRT, r-patched-linux-x86_64, r-patched-solaris-x86, r-release-linux-x86_64, r-release-macos-arm64, r-release-macos-x86_64, r-release-windows-ix86+x86_64