CRAN Package Check Results for Package STRMPS

Last updated on 2021-10-22 09:53:21 CEST.

Flavor Version Tinstall Tcheck Ttotal Status Flags
r-devel-linux-x86_64-debian-clang 0.5.8 38.69 367.58 406.27 NOTE
r-devel-linux-x86_64-debian-gcc 0.5.8 31.40 274.26 305.66 NOTE
r-devel-linux-x86_64-fedora-clang 0.5.8 496.53 NOTE
r-devel-linux-x86_64-fedora-gcc 0.5.8 481.52 NOTE
r-devel-windows-x86_64 0.5.8 64.00 413.00 477.00 NOTE
r-devel-windows-x86_64-gcc10-UCRT 0.5.8 NOTE
r-patched-linux-x86_64 0.5.8 40.31 345.07 385.38 NOTE
r-patched-solaris-x86 0.5.8 668.90 NOTE
r-release-linux-x86_64 0.5.8 34.51 342.84 377.35 NOTE
r-release-macos-arm64 0.5.8 NOTE
r-release-macos-x86_64 0.5.8 NOTE
r-release-windows-ix86+x86_64 0.5.8 84.00 402.00 486.00 NOTE
r-oldrel-macos-x86_64 0.5.8 NOTE
r-oldrel-windows-ix86+x86_64 0.5.8 91.00 434.00 525.00 NOTE

Check Details

Version: 0.5.8
Check: package dependencies
Result: NOTE
    Package suggested but not available for checking: 'STRaitRazoR'
Flavors: r-devel-linux-x86_64-debian-clang, r-devel-linux-x86_64-debian-gcc, r-devel-linux-x86_64-fedora-clang, r-devel-linux-x86_64-fedora-gcc, r-devel-windows-x86_64, r-devel-windows-x86_64-gcc10-UCRT, r-patched-linux-x86_64, r-patched-solaris-x86, r-release-linux-x86_64, r-release-macos-arm64, r-release-macos-x86_64, r-release-windows-ix86+x86_64, r-oldrel-macos-x86_64, r-oldrel-windows-ix86+x86_64