CRAN Package Check Results for Package SSDM

Last updated on 2021-07-25 09:50:36 CEST.

Flavor Version Tinstall Tcheck Ttotal Status Flags
r-devel-linux-x86_64-debian-clang 0.2.8 33.02 384.33 417.35 OK
r-devel-linux-x86_64-debian-gcc 0.2.8 25.28 281.40 306.68 OK
r-devel-linux-x86_64-fedora-clang 0.2.8 476.31 NOTE
r-devel-linux-x86_64-fedora-gcc 0.2.8 477.27 NOTE
r-devel-windows-x86_64 0.2.8 35.00 328.00 363.00 OK
r-devel-windows-x86_64-gcc10-UCRT 0.2.8 NOTE
r-patched-linux-x86_64 0.2.8 29.21 355.18 384.39 OK
r-patched-solaris-x86 0.2.8 622.30 NOTE
r-release-linux-x86_64 0.2.8 28.50 354.12 382.62 OK
r-release-macos-arm64 0.2.8 WARN
r-release-macos-x86_64 0.2.8 NOTE
r-release-windows-ix86+x86_64 0.2.8 65.00 332.00 397.00 OK
r-oldrel-macos-x86_64 0.2.8 NOTE
r-oldrel-windows-ix86+x86_64 0.2.8 66.00 423.00 489.00 OK

Check Details

Version: 0.2.8
Check: dependencies in R code
Result: NOTE
    Namespace in Imports field not imported from: ‘shinyFiles’
     All declared Imports should be used.
Flavors: r-devel-linux-x86_64-fedora-clang, r-devel-linux-x86_64-fedora-gcc, r-devel-windows-x86_64-gcc10-UCRT, r-patched-solaris-x86, r-release-macos-arm64, r-release-macos-x86_64, r-oldrel-macos-x86_64

Version: 0.2.8
Check: package dependencies
Result: NOTE
    Package suggested but not available for checking: ‘rgdal’
Flavor: r-release-macos-arm64

Version: 0.2.8
Check: re-building of vignette outputs
Result: WARN
    Error(s) in re-building vignettes:
     ...
    --- re-building ‘GUI.Rmd’ using rmarkdown
    Warning in engine$weave(file, quiet = quiet, encoding = enc) :
     Pandoc (>= 1.12.3) not available. Falling back to R Markdown v1.
    --- finished re-building ‘GUI.Rmd’
    
    --- re-building ‘SSDM.Rmd’ using rmarkdown
    Warning in engine$weave(file, quiet = quiet, encoding = enc) :
     Pandoc (>= 1.12.3) not available. Falling back to R Markdown v1.
    Quitting from lines 37-41 (SSDM.Rmd)
    Error: processing vignette 'SSDM.Rmd' failed with diagnostics:
    Cannot create RasterLayer object from this file; perhaps you need to install rgdal first
    --- failed re-building ‘SSDM.Rmd’
    
    SUMMARY: processing the following file failed:
     ‘SSDM.Rmd’
    
    Error: Vignette re-building failed.
    Execution halted
Flavor: r-release-macos-arm64