CRAN Package Check Results for Package SPlit

Last updated on 2021-10-21 09:55:07 CEST.

Flavor Version Tinstall Tcheck Ttotal Status Flags
r-devel-linux-x86_64-debian-clang 1.0 35.24 25.04 60.28 NOTE
r-devel-linux-x86_64-debian-gcc 1.0 26.69 20.04 46.73 NOTE
r-devel-linux-x86_64-fedora-clang 1.0 101.70 NOTE
r-devel-linux-x86_64-fedora-gcc 1.0 83.22 NOTE
r-devel-windows-x86_64 1.0 48.00 52.00 100.00 NOTE
r-devel-windows-x86_64-gcc10-UCRT 1.0 NOTE
r-patched-linux-x86_64 1.0 35.92 25.10 61.02 NOTE
r-patched-solaris-x86 1.0 94.50 NOTE
r-release-linux-x86_64 1.0 32.72 24.29 57.01 NOTE
r-release-macos-arm64 1.0 NOTE
r-release-macos-x86_64 1.0 NOTE
r-release-windows-ix86+x86_64 1.0 69.00 71.00 140.00 NOTE
r-oldrel-macos-x86_64 1.0 OK
r-oldrel-windows-ix86+x86_64 1.0 95.00 71.00 166.00 OK

Check Details

Version: 1.0
Check: LazyData
Result: NOTE
     'LazyData' is specified without a 'data' directory
Flavors: r-devel-linux-x86_64-debian-clang, r-devel-linux-x86_64-debian-gcc, r-devel-linux-x86_64-fedora-clang, r-devel-linux-x86_64-fedora-gcc, r-devel-windows-x86_64, r-devel-windows-x86_64-gcc10-UCRT, r-patched-linux-x86_64, r-patched-solaris-x86, r-release-linux-x86_64, r-release-macos-arm64, r-release-macos-x86_64, r-release-windows-ix86+x86_64