CRAN Package Check Results for Package SMMT

Last updated on 2021-09-25 09:54:06 CEST.

Flavor Version Tinstall Tcheck Ttotal Status Flags
r-devel-linux-x86_64-debian-clang 1.0.7 5.31 56.78 62.09 NOTE
r-devel-linux-x86_64-debian-gcc 1.0.7 4.09 42.79 46.88 NOTE
r-devel-linux-x86_64-fedora-clang 1.0.7 82.08 NOTE
r-devel-linux-x86_64-fedora-gcc 1.0.7 70.17 NOTE
r-devel-windows-x86_64 1.0.7 8.00 60.00 68.00 NOTE
r-devel-windows-x86_64-gcc10-UCRT 1.0.7 NOTE
r-patched-linux-x86_64 1.0.7 4.71 53.78 58.49 NOTE
r-patched-solaris-x86 1.0.7 103.80 NOTE
r-release-linux-x86_64 1.0.7 4.83 54.17 59.00 NOTE
r-release-macos-arm64 1.0.7 NOTE
r-release-macos-x86_64 1.0.7 NOTE
r-release-windows-ix86+x86_64 1.0.7 13.00 81.00 94.00 NOTE
r-oldrel-macos-x86_64 1.0.7 OK
r-oldrel-windows-ix86+x86_64 1.0.7 10.00 58.00 68.00 OK

Check Details

Version: 1.0.7
Check: LazyData
Result: NOTE
     'LazyData' is specified without a 'data' directory
Flavors: r-devel-linux-x86_64-debian-clang, r-devel-linux-x86_64-debian-gcc, r-devel-linux-x86_64-fedora-clang, r-devel-linux-x86_64-fedora-gcc, r-devel-windows-x86_64, r-devel-windows-x86_64-gcc10-UCRT, r-patched-linux-x86_64, r-patched-solaris-x86, r-release-linux-x86_64, r-release-macos-arm64, r-release-macos-x86_64, r-release-windows-ix86+x86_64