CRAN Package Check Results for Package SLBDD

Last updated on 2021-10-23 10:57:08 CEST.

Flavor Version Tinstall Tcheck Ttotal Status Flags
r-devel-linux-x86_64-debian-clang 0.0.2 48.57 254.89 303.46 OK
r-devel-linux-x86_64-debian-gcc 0.0.2 44.11 187.61 231.72 OK
r-devel-linux-x86_64-fedora-clang 0.0.2 380.59 NOTE
r-devel-linux-x86_64-fedora-gcc 0.0.2 368.16 NOTE
r-devel-windows-x86_64 0.0.2 67.00 282.00 349.00 NOTE
r-devel-windows-x86_64-gcc10-UCRT 0.0.2 NOTE
r-patched-linux-x86_64 0.0.2 45.32 246.22 291.54 OK
r-patched-solaris-x86 0.0.2 549.10 NOTE
r-release-linux-x86_64 0.0.2 47.74 242.16 289.90 OK
r-release-macos-arm64 0.0.2 NOTE
r-release-macos-x86_64 0.0.2 NOTE
r-release-windows-ix86+x86_64 0.0.2 59.00 276.00 335.00 NOTE
r-oldrel-macos-x86_64 0.0.2 NOTE
r-oldrel-windows-ix86+x86_64 0.0.2 82.00 282.00 364.00 NOTE

Check Details

Version: 0.0.2
Check: installed package size
Result: NOTE
     installed size is 5.0Mb
     sub-directories of 1Mb or more:
     data 4.6Mb
Flavors: r-devel-linux-x86_64-fedora-clang, r-devel-windows-x86_64, r-patched-solaris-x86, r-release-macos-arm64, r-release-macos-x86_64, r-release-windows-ix86+x86_64, r-oldrel-macos-x86_64, r-oldrel-windows-ix86+x86_64

Version: 0.0.2
Check: data for non-ASCII characters
Result: NOTE
     Note: found 23 marked UTF-8 strings
Flavors: r-devel-linux-x86_64-fedora-clang, r-devel-linux-x86_64-fedora-gcc, r-devel-windows-x86_64-gcc10-UCRT, r-patched-solaris-x86, r-release-macos-arm64, r-release-macos-x86_64, r-oldrel-macos-x86_64