CRAN Package Check Results for Package SIBERG

Last updated on 2021-10-27 10:10:00 CEST.

Flavor Version Tinstall Tcheck Ttotal Status Flags
r-devel-linux-x86_64-debian-clang 2.0.2 2.66 29.74 32.40 OK
r-devel-linux-x86_64-debian-gcc 2.0.2 2.06 23.62 25.68 OK
r-devel-linux-x86_64-fedora-clang 2.0.2 52.19 OK
r-devel-linux-x86_64-fedora-gcc 2.0.2 41.19 OK
r-devel-windows-x86_64 2.0.2 5.00 45.00 50.00 OK
r-devel-windows-x86_64-gcc10-UCRT 2.0.2 OK
r-patched-linux-x86_64 2.0.2 2.52 29.10 31.62 OK
r-patched-solaris-x86 2.0.2 66.60 OK
r-release-linux-x86_64 2.0.2 2.30 28.80 31.10 OK
r-release-macos-arm64 2.0.2 NOTE
r-release-macos-x86_64 2.0.2 OK
r-release-windows-ix86+x86_64 2.0.2 4.00 56.00 60.00 OK
r-oldrel-macos-x86_64 2.0.2 OK
r-oldrel-windows-ix86+x86_64 2.0.2 6.00 65.00 71.00 OK

Check Details

Version: 2.0.2
Check: package dependencies
Result: NOTE
    Package suggested but not available for checking: ‘edgeR’
Flavor: r-release-macos-arm64