Last updated on 2024-04-20 09:56:14 CEST.
Flavor | Version | Tinstall | Tcheck | Ttotal | Status | Flags |
---|---|---|---|---|---|---|
r-devel-linux-x86_64-debian-clang | 0.1.0 | 8.01 | 72.17 | 80.18 | NOTE | |
r-devel-linux-x86_64-debian-gcc | 0.1.0 | 5.79 | 54.15 | 59.94 | NOTE | |
r-devel-linux-x86_64-fedora-clang | 0.1.0 | 98.45 | NOTE | |||
r-devel-linux-x86_64-fedora-gcc | 0.1.0 | 93.86 | NOTE | |||
r-prerel-macos-arm64 | 0.1.0 | 32.00 | NOTE | |||
r-prerel-windows-x86_64 | 0.1.0 | 8.00 | 73.00 | 81.00 | NOTE | |
r-patched-linux-x86_64 | 0.1.0 | 7.35 | 68.86 | 76.21 | NOTE | |
r-release-linux-x86_64 | 0.1.0 | 7.88 | 73.36 | 81.24 | NOTE | |
r-release-macos-arm64 | 0.1.0 | 41.00 | NOTE | |||
r-release-macos-x86_64 | 0.1.0 | 57.00 | NOTE | |||
r-release-windows-x86_64 | 0.1.0 | 10.00 | 85.00 | 95.00 | NOTE | |
r-oldrel-macos-arm64 | 0.1.0 | 30.00 | NOTE | |||
r-oldrel-windows-x86_64 | 0.1.0 | 10.00 | 88.00 | 98.00 | NOTE |
Version: 0.1.0
Check: LazyData
Result: NOTE
'LazyData' is specified without a 'data' directory
Flavors: r-devel-linux-x86_64-debian-clang, r-devel-linux-x86_64-debian-gcc, r-devel-linux-x86_64-fedora-clang, r-devel-linux-x86_64-fedora-gcc, r-prerel-macos-arm64, r-prerel-windows-x86_64, r-patched-linux-x86_64, r-release-linux-x86_64, r-release-macos-arm64, r-release-macos-x86_64, r-release-windows-x86_64, r-oldrel-macos-arm64, r-oldrel-windows-x86_64