CRAN Package Check Results for Package SASxport

Last updated on 2021-10-22 09:53:18 CEST.

Flavor Version Tinstall Tcheck Ttotal Status Flags
r-devel-linux-x86_64-debian-clang 1.7.0 12.60 166.09 178.69 OK
r-devel-linux-x86_64-debian-gcc 1.7.0 10.21 124.21 134.42 WARN
r-devel-linux-x86_64-fedora-clang 1.7.0 223.21 OK
r-devel-linux-x86_64-fedora-gcc 1.7.0 214.69 OK
r-devel-windows-x86_64 1.7.0 23.00 212.00 235.00 OK
r-devel-windows-x86_64-gcc10-UCRT 1.7.0 OK
r-patched-linux-x86_64 1.7.0 12.81 156.82 169.63 OK
r-patched-solaris-x86 1.7.0 312.90 OK
r-release-linux-x86_64 1.7.0 11.04 155.70 166.74 OK
r-release-macos-arm64 1.7.0 OK
r-release-macos-x86_64 1.7.0 OK
r-release-windows-ix86+x86_64 1.7.0 40.00 324.00 364.00 OK
r-oldrel-macos-x86_64 1.7.0 OK
r-oldrel-windows-ix86+x86_64 1.7.0 43.00 348.00 391.00 OK

Check Details

Version: 1.7.0
Check: whether package can be installed
Result: WARN
    Found the following significant warnings:
     to_bigend.c:71:11: warning: array subscript ‘long int[0]’ is partly outside array bounds of ‘unsigned char[4]’ [-Warray-bounds]
Flavor: r-devel-linux-x86_64-debian-gcc