CRAN Package Check Results for Package Rtrack

Last updated on 2021-10-20 09:55:22 CEST.

Flavor Version Tinstall Tcheck Ttotal Status Flags
r-devel-linux-x86_64-debian-clang 1.0.0 44.44 298.71 343.15 NOTE
r-devel-linux-x86_64-debian-gcc 1.0.0 39.22 219.20 258.42 NOTE
r-devel-linux-x86_64-fedora-clang 1.0.0 423.70 NOTE
r-devel-linux-x86_64-fedora-gcc 1.0.0 408.39 NOTE
r-devel-windows-x86_64 1.0.0 65.00 335.00 400.00 NOTE
r-devel-windows-x86_64-gcc10-UCRT 1.0.0 NOTE
r-patched-linux-x86_64 1.0.0 46.50 285.51 332.01 NOTE
r-patched-solaris-x86 1.0.0 364.40 NOTE
r-release-linux-x86_64 1.0.0 44.25 283.42 327.67 NOTE
r-release-macos-arm64 1.0.0 NOTE
r-release-macos-x86_64 1.0.0 NOTE
r-release-windows-ix86+x86_64 1.0.0 70.00 324.00 394.00 NOTE
r-oldrel-macos-x86_64 1.0.0 OK
r-oldrel-windows-ix86+x86_64 1.0.0 62.00 194.00 256.00 OK

Check Details

Version: 1.0.0
Check: LazyData
Result: NOTE
     'LazyData' is specified without a 'data' directory
Flavors: r-devel-linux-x86_64-debian-clang, r-devel-linux-x86_64-debian-gcc, r-devel-linux-x86_64-fedora-clang, r-devel-linux-x86_64-fedora-gcc, r-devel-windows-x86_64, r-devel-windows-x86_64-gcc10-UCRT, r-patched-linux-x86_64, r-patched-solaris-x86, r-release-linux-x86_64, r-release-macos-arm64, r-release-macos-x86_64, r-release-windows-ix86+x86_64