CRAN Package Check Results for Package Rserve

Last updated on 2021-12-06 09:53:39 CET.

Flavor Version Tinstall Tcheck Ttotal Status Flags
r-devel-linux-x86_64-debian-clang 1.8-10 29.70 31.72 61.42 NOTE
r-devel-linux-x86_64-debian-gcc 1.8-10 21.57 25.15 46.72 NOTE
r-devel-linux-x86_64-fedora-clang 1.8-10 62.94 NOTE
r-devel-linux-x86_64-fedora-gcc 1.8-10 52.48 NOTE
r-devel-windows-x86_64-new-UL 1.8-10 71.00 88.00 159.00 NOTE
r-devel-windows-x86_64-new-TK 1.8-10 NOTE
r-devel-windows-x86_64-old 1.8-10 56.00 41.00 97.00 NOTE
r-patched-linux-x86_64 1.8-10 25.24 22.57 47.81 NOTE
r-release-linux-x86_64 1.8-10 25.01 31.07 56.08 NOTE
r-release-macos-arm64 1.8-10 NOTE
r-release-macos-x86_64 1.8-10 NOTE
r-release-windows-ix86+x86_64 1.8-10 104.00 61.00 165.00 NOTE
r-oldrel-macos-x86_64 1.8-10 NOTE
r-oldrel-windows-ix86+x86_64 1.8-10 82.00 51.00 133.00 NOTE

Check Details

Version: 1.8-10
Check: for GNU extensions in Makefiles
Result: NOTE
    GNU make is a SystemRequirements.
Flavors: r-devel-linux-x86_64-debian-clang, r-devel-linux-x86_64-debian-gcc, r-devel-linux-x86_64-fedora-clang, r-devel-linux-x86_64-fedora-gcc, r-devel-windows-x86_64-new-UL, r-devel-windows-x86_64-new-TK, r-devel-windows-x86_64-old, r-patched-linux-x86_64, r-release-linux-x86_64, r-release-macos-arm64, r-release-macos-x86_64, r-release-windows-ix86+x86_64, r-oldrel-macos-x86_64, r-oldrel-windows-ix86+x86_64

Version: 1.8-10
Check: compiled code
Result: NOTE
    Note: information on .o files is not available
    File '/home/hornik/tmp/R.check/r-devel-clang/Work/build/Packages/Rserve/libs/Rserve.so':
     Found 'exit', possibly from 'exit' (C)
     Found 'rand', possibly from 'rand' (C)
     Found 'random', possibly from 'random' (C)
     Found 'srandom', possibly from 'srandom' (C)
     Found 'stderr', possibly from 'stderr' (C)
    File 'Rserve/libs/Rserve.so':
     Found non-API calls to R: 'R_Consolefile', 'R_InputHandlers',
     'R_Outputfile', 'R_TempDir', 'R_Visible', 'addInputHandler',
     'ptr_R_Busy', 'ptr_R_ClearerrConsole', 'ptr_R_FlushConsole',
     'ptr_R_ReadConsole', 'ptr_R_ResetConsole', 'ptr_R_ShowMessage',
     'ptr_R_WriteConsole', 'ptr_R_WriteConsoleEx'
    
    Compiled code should not call entry points which might terminate R nor
    write to stdout/stderr instead of to the console, nor use Fortran I/O
    nor system RNGs. The detected symbols are linked into the code but
    might come from libraries and not actually be called.
    Compiled code should not call non-API entry points in R.
    
    See 'Writing portable packages' in the 'Writing R Extensions' manual.
Flavor: r-devel-linux-x86_64-debian-clang

Version: 1.8-10
Check: compiled code
Result: NOTE
    Note: information on .o files is not available
    File ‘/home/hornik/tmp/R.check/r-devel-gcc/Work/build/Packages/Rserve/libs/Rserve.so’:
     Found ‘exit’, possibly from ‘exit’ (C)
     Found ‘rand’, possibly from ‘rand’ (C)
     Found ‘random’, possibly from ‘random’ (C)
     Found ‘srandom’, possibly from ‘srandom’ (C)
     Found ‘stderr’, possibly from ‘stderr’ (C)
    File ‘Rserve/libs/Rserve.so’:
     Found non-API calls to R: ‘R_Consolefile’, ‘R_InputHandlers’,
     ‘R_Outputfile’, ‘R_TempDir’, ‘R_Visible’, ‘addInputHandler’,
     ‘ptr_R_Busy’, ‘ptr_R_ClearerrConsole’, ‘ptr_R_FlushConsole’,
     ‘ptr_R_ReadConsole’, ‘ptr_R_ResetConsole’, ‘ptr_R_ShowMessage’,
     ‘ptr_R_WriteConsole’, ‘ptr_R_WriteConsoleEx’
    
    Compiled code should not call entry points which might terminate R nor
    write to stdout/stderr instead of to the console, nor use Fortran I/O
    nor system RNGs. The detected symbols are linked into the code but
    might come from libraries and not actually be called.
    Compiled code should not call non-API entry points in R.
    
    See ‘Writing portable packages’ in the ‘Writing R Extensions’ manual.
Flavor: r-devel-linux-x86_64-debian-gcc

Version: 1.8-10
Check: compiled code
Result: NOTE
    Note: information on .o files is not available
    File ‘/data/gannet/ripley/R/packages/tests-clang/Rserve.Rcheck/Rserve/libs/Rserve.so’:
     Found ‘exit’, possibly from ‘exit’ (C)
     Found ‘rand’, possibly from ‘rand’ (C)
     Found ‘random’, possibly from ‘random’ (C)
     Found ‘srandom’, possibly from ‘srandom’ (C)
     Found ‘stderr’, possibly from ‘stderr’ (C)
    File ‘Rserve/libs/Rserve.so’:
     Found non-API calls to R: ‘R_Consolefile’, ‘R_InputHandlers’,
     ‘R_Outputfile’, ‘R_TempDir’, ‘R_Visible’, ‘addInputHandler’,
     ‘ptr_R_Busy’, ‘ptr_R_ClearerrConsole’, ‘ptr_R_FlushConsole’,
     ‘ptr_R_ReadConsole’, ‘ptr_R_ResetConsole’, ‘ptr_R_ShowMessage’,
     ‘ptr_R_WriteConsole’, ‘ptr_R_WriteConsoleEx’
    File ‘Rserve/libs/Rserve.so’:
     Found no calls to: ‘R_registerRoutines’, ‘R_useDynamicSymbols’
    
    Compiled code should not call entry points which might terminate R nor
    write to stdout/stderr instead of to the console, nor use Fortran I/O
    nor system RNGs. The detected symbols are linked into the code but
    might come from libraries and not actually be called.
    Compiled code should not call non-API entry points in R.
    It is good practice to register native routines and to disable symbol
    search.
    
    See ‘Writing portable packages’ in the ‘Writing R Extensions’ manual.
Flavor: r-devel-linux-x86_64-fedora-clang

Version: 1.8-10
Check: compiled code
Result: NOTE
    Note: information on .o files is not available
    File ‘/data/gannet/ripley/R/packages/tests-devel/Rserve.Rcheck/Rserve/libs/Rserve.so’:
     Found ‘exit’, possibly from ‘exit’ (C)
     Found ‘rand’, possibly from ‘rand’ (C)
     Found ‘random’, possibly from ‘random’ (C)
     Found ‘srandom’, possibly from ‘srandom’ (C)
     Found ‘stderr’, possibly from ‘stderr’ (C)
    File ‘Rserve/libs/Rserve.so’:
     Found non-API calls to R: ‘R_Consolefile’, ‘R_InputHandlers’,
     ‘R_Outputfile’, ‘R_TempDir’, ‘R_Visible’, ‘addInputHandler’,
     ‘ptr_R_Busy’, ‘ptr_R_ClearerrConsole’, ‘ptr_R_FlushConsole’,
     ‘ptr_R_ReadConsole’, ‘ptr_R_ResetConsole’, ‘ptr_R_ShowMessage’,
     ‘ptr_R_WriteConsole’, ‘ptr_R_WriteConsoleEx’
    File ‘Rserve/libs/Rserve.so’:
     Found no calls to: ‘R_registerRoutines’, ‘R_useDynamicSymbols’
    
    Compiled code should not call entry points which might terminate R nor
    write to stdout/stderr instead of to the console, nor use Fortran I/O
    nor system RNGs. The detected symbols are linked into the code but
    might come from libraries and not actually be called.
    Compiled code should not call non-API entry points in R.
    It is good practice to register native routines and to disable symbol
    search.
    
    See ‘Writing portable packages’ in the ‘Writing R Extensions’ manual.
Flavor: r-devel-linux-x86_64-fedora-gcc

Version: 1.8-10
Check: installed package size
Result: NOTE
     installed size is 10.9Mb
     sub-directories of 1Mb or more:
     libs 9.9Mb
Flavors: r-devel-windows-x86_64-new-UL, r-devel-windows-x86_64-old, r-release-macos-arm64, r-release-macos-x86_64, r-release-windows-ix86+x86_64, r-oldrel-macos-x86_64, r-oldrel-windows-ix86+x86_64

Version: 1.8-10
Check: compiled code
Result: NOTE
    Note: information on .o files for x64 is not available
    File 'd:/Rcompile/CRANpkg/lib/4.2/Rserve/libs/x64/Rserve.dll':
     Found '_exit', possibly from '_exit' (C)
     Found 'abort', possibly from 'abort' (C), 'runtime' (Fortran)
     Found 'exit', possibly from 'exit' (C), 'stop' (Fortran)
     Found 'rand', possibly from 'rand' (C)
     Found 'srand', possibly from 'srand' (C)
    File 'Rserve/libs/x64/Rserve.dll':
     Found non-API calls to R: 'R_Interactive', 'R_Visible',
     'Rf_initialize_R', 'setup_Rmainloop'
    
    Compiled code should not call entry points which might terminate R nor
    write to stdout/stderr instead of to the console, nor use Fortran I/O
    nor system RNGs. The detected symbols are linked into the code but
    might come from libraries and not actually be called.
    Compiled code should not call non-API entry points in R.
    
    See 'Writing portable packages' in the 'Writing R Extensions' manual.
Flavors: r-devel-windows-x86_64-new-UL, r-devel-windows-x86_64-old

Version: 1.8-10
Check: compiled code
Result: NOTE
    Note: information on .o files for x64 is not available
    File 'C:/r_packages/pkgcheck/CRAN/Rserve/Rserve.Rcheck/Rserve/libs/x64/Rserve.dll':
     Found '_exit', possibly from '_exit' (C)
     Found 'abort', possibly from 'abort' (C), 'runtime' (Fortran)
     Found 'exit', possibly from 'exit' (C), 'stop' (Fortran)
     Found 'rand', possibly from 'rand' (C)
     Found 'srand', possibly from 'srand' (C)
    File 'Rserve/libs/x64/Rserve.dll':
     Found non-API calls to R: 'R_Interactive', 'R_Visible',
     'Rf_initialize_R', 'setup_Rmainloop'
    
    Compiled code should not call entry points which might terminate R nor
    write to stdout/stderr instead of to the console, nor use Fortran I/O
    nor system RNGs. The detected symbols are linked into the code but
    might come from libraries and not actually be called.
    Compiled code should not call non-API entry points in R.
    
    See 'Writing portable packages' in the 'Writing R Extensions' manual.
Flavor: r-devel-windows-x86_64-new-TK

Version: 1.8-10
Check: compiled code
Result: NOTE
    Note: information on .o files is not available
    File ‘/home/hornik/tmp/R.check/r-patched-gcc/Work/build/Packages/Rserve/libs/Rserve.so’:
     Found ‘exit’, possibly from ‘exit’ (C)
     Found ‘rand’, possibly from ‘rand’ (C)
     Found ‘random’, possibly from ‘random’ (C)
     Found ‘srandom’, possibly from ‘srandom’ (C)
     Found ‘stderr’, possibly from ‘stderr’ (C)
    File ‘Rserve/libs/Rserve.so’:
     Found non-API calls to R: ‘R_Consolefile’, ‘R_InputHandlers’,
     ‘R_Outputfile’, ‘R_TempDir’, ‘R_Visible’, ‘addInputHandler’,
     ‘ptr_R_Busy’, ‘ptr_R_ClearerrConsole’, ‘ptr_R_FlushConsole’,
     ‘ptr_R_ReadConsole’, ‘ptr_R_ResetConsole’, ‘ptr_R_ShowMessage’,
     ‘ptr_R_WriteConsole’, ‘ptr_R_WriteConsoleEx’
    
    Compiled code should not call entry points which might terminate R nor
    write to stdout/stderr instead of to the console, nor use Fortran I/O
    nor system RNGs. The detected symbols are linked into the code but
    might come from libraries and not actually be called.
    Compiled code should not call non-API entry points in R.
    
    See ‘Writing portable packages’ in the ‘Writing R Extensions’ manual.
Flavor: r-patched-linux-x86_64

Version: 1.8-10
Check: compiled code
Result: NOTE
    Note: information on .o files is not available
    File ‘/home/hornik/tmp/R.check/r-release-gcc/Work/build/Packages/Rserve/libs/Rserve.so’:
     Found ‘exit’, possibly from ‘exit’ (C)
     Found ‘rand’, possibly from ‘rand’ (C)
     Found ‘random’, possibly from ‘random’ (C)
     Found ‘srandom’, possibly from ‘srandom’ (C)
     Found ‘stderr’, possibly from ‘stderr’ (C)
    File ‘Rserve/libs/Rserve.so’:
     Found non-API calls to R: ‘R_Consolefile’, ‘R_InputHandlers’,
     ‘R_Outputfile’, ‘R_TempDir’, ‘R_Visible’, ‘addInputHandler’,
     ‘ptr_R_Busy’, ‘ptr_R_ClearerrConsole’, ‘ptr_R_FlushConsole’,
     ‘ptr_R_ReadConsole’, ‘ptr_R_ResetConsole’, ‘ptr_R_ShowMessage’,
     ‘ptr_R_WriteConsole’, ‘ptr_R_WriteConsoleEx’
    
    Compiled code should not call entry points which might terminate R nor
    write to stdout/stderr instead of to the console, nor use Fortran I/O
    nor system RNGs. The detected symbols are linked into the code but
    might come from libraries and not actually be called.
    Compiled code should not call non-API entry points in R.
    
    See ‘Writing portable packages’ in the ‘Writing R Extensions’ manual.
Flavor: r-release-linux-x86_64

Version: 1.8-10
Check: compiled code
Result: NOTE
    Note: information on .o files is not available
    File ‘/Volumes/Builds/packages/big-sur-arm64/results/4.1/Rserve.Rcheck/Rserve/libs/Rserve.so’:
     Found ‘___stderrp’, possibly from ‘stderr’ (C)
     Found ‘_abort’, possibly from ‘abort’ (C)
     Found ‘_exit’, possibly from ‘exit’ (C)
     Found ‘_rand’, possibly from ‘rand’ (C)
     Found ‘_random’, possibly from ‘random’ (C)
     Found ‘_srandom’, possibly from ‘srandom’ (C)
    File ‘Rserve/libs/Rserve.so’:
     Found non-API calls to R: ‘R_Consolefile’, ‘R_InputHandlers’,
     ‘R_Outputfile’, ‘R_TempDir’, ‘R_Visible’, ‘addInputHandler’,
     ‘ptr_R_Busy’, ‘ptr_R_ClearerrConsole’, ‘ptr_R_FlushConsole’,
     ‘ptr_R_ReadConsole’, ‘ptr_R_ResetConsole’, ‘ptr_R_ShowMessage’,
     ‘ptr_R_WriteConsole’, ‘ptr_R_WriteConsoleEx’
    
    Compiled code should not call entry points which might terminate R nor
    write to stdout/stderr instead of to the console, nor use Fortran I/O
    nor system RNGs. The detected symbols are linked into the code but
    might come from libraries and not actually be called.
    Compiled code should not call non-API entry points in R.
    
    See ‘Writing portable packages’ in the ‘Writing R Extensions’ manual.
Flavor: r-release-macos-arm64

Version: 1.8-10
Check: compiled code
Result: NOTE
    Note: information on .o files is not available
    File ‘/Volumes/Builds/packages/high-sierra-x86_64/results/4.1/Rserve.Rcheck/Rserve/libs/Rserve.so’:
     Found ‘___stderrp’, possibly from ‘stderr’ (C)
     Found ‘_abort’, possibly from ‘abort’ (C)
     Found ‘_exit’, possibly from ‘exit’ (C)
     Found ‘_rand’, possibly from ‘rand’ (C)
     Found ‘_random’, possibly from ‘random’ (C)
     Found ‘_srandom’, possibly from ‘srandom’ (C)
    File ‘Rserve/libs/Rserve.so’:
     Found non-API calls to R: ‘R_Consolefile’, ‘R_InputHandlers’,
     ‘R_Outputfile’, ‘R_TempDir’, ‘R_Visible’, ‘addInputHandler’,
     ‘ptr_R_Busy’, ‘ptr_R_ClearerrConsole’, ‘ptr_R_FlushConsole’,
     ‘ptr_R_ReadConsole’, ‘ptr_R_ResetConsole’, ‘ptr_R_ShowMessage’,
     ‘ptr_R_WriteConsole’, ‘ptr_R_WriteConsoleEx’
    
    Compiled code should not call entry points which might terminate R nor
    write to stdout/stderr instead of to the console, nor use Fortran I/O
    nor system RNGs. The detected symbols are linked into the code but
    might come from libraries and not actually be called.
    Compiled code should not call non-API entry points in R.
    
    See ‘Writing portable packages’ in the ‘Writing R Extensions’ manual.
Flavor: r-release-macos-x86_64

Version: 1.8-10
Check: compiled code
Result: NOTE
    Note: information on .o files for i386 is not available
    Note: information on .o files for x64 is not available
    File 'd:/Rcompile/CRANpkg/lib/4.1/Rserve/libs/i386/Rserve.dll':
     Found '_exit', possibly from '_exit' (C)
     Found 'abort', possibly from 'abort' (C), 'runtime' (Fortran)
     Found 'exit', possibly from 'exit' (C), 'stop' (Fortran)
     Found 'rand', possibly from 'rand' (C)
     Found 'srand', possibly from 'srand' (C)
    File 'd:/Rcompile/CRANpkg/lib/4.1/Rserve/libs/x64/Rserve.dll':
     Found '_exit', possibly from '_exit' (C)
     Found 'abort', possibly from 'abort' (C), 'runtime' (Fortran)
     Found 'exit', possibly from 'exit' (C), 'stop' (Fortran)
     Found 'rand', possibly from 'rand' (C)
     Found 'srand', possibly from 'srand' (C)
    File 'Rserve/libs/i386/Rserve.dll':
     Found non-API calls to R: 'R_Interactive', 'R_Visible',
     'Rf_initialize_R', 'setup_Rmainloop'
    File 'Rserve/libs/x64/Rserve.dll':
     Found non-API calls to R: 'R_Interactive', 'R_Visible',
     'Rf_initialize_R', 'setup_Rmainloop'
    
    Compiled code should not call entry points which might terminate R nor
    write to stdout/stderr instead of to the console, nor use Fortran I/O
    nor system RNGs. The detected symbols are linked into the code but
    might come from libraries and not actually be called.
    Compiled code should not call non-API entry points in R.
    
    See 'Writing portable packages' in the 'Writing R Extensions' manual.
Flavor: r-release-windows-ix86+x86_64

Version: 1.8-10
Check: compiled code
Result: NOTE
    Note: information on .o files is not available
    File ‘/Volumes/Builds/packages/high-sierra-x86_64/results/4.0/Rserve.Rcheck/Rserve/libs/Rserve.so’:
     Found ‘___stderrp’, possibly from ‘stderr’ (C)
     Found ‘_abort’, possibly from ‘abort’ (C)
     Found ‘_exit’, possibly from ‘exit’ (C)
     Found ‘_rand’, possibly from ‘rand’ (C)
     Found ‘_random’, possibly from ‘random’ (C)
     Found ‘_srandom’, possibly from ‘srandom’ (C)
    File ‘Rserve/libs/Rserve.so’:
     Found non-API calls to R: ‘R_Consolefile’, ‘R_InputHandlers’,
     ‘R_Outputfile’, ‘R_TempDir’, ‘R_Visible’, ‘addInputHandler’,
     ‘ptr_R_Busy’, ‘ptr_R_ClearerrConsole’, ‘ptr_R_FlushConsole’,
     ‘ptr_R_ReadConsole’, ‘ptr_R_ResetConsole’, ‘ptr_R_ShowMessage’,
     ‘ptr_R_WriteConsole’, ‘ptr_R_WriteConsoleEx’
    
    Compiled code should not call entry points which might terminate R nor
    write to stdout/stderr instead of to the console, nor use Fortran I/O
    nor system RNGs. The detected symbols are linked into the code but
    might come from libraries and not actually be called.
    Compiled code should not call non-API entry points in R.
    
    See ‘Writing portable packages’ in the ‘Writing R Extensions’ manual.
Flavor: r-oldrel-macos-x86_64

Version: 1.8-10
Check: compiled code
Result: NOTE
    Note: information on .o files for i386 is not available
    Note: information on .o files for x64 is not available
    File 'd:/Rcompile/CRANpkg/lib/4.0/Rserve/libs/i386/Rserve.dll':
     Found '_exit', possibly from '_exit' (C)
     Found 'abort', possibly from 'abort' (C), 'runtime' (Fortran)
     Found 'exit', possibly from 'exit' (C), 'stop' (Fortran)
     Found 'rand', possibly from 'rand' (C)
     Found 'srand', possibly from 'srand' (C)
    File 'd:/Rcompile/CRANpkg/lib/4.0/Rserve/libs/x64/Rserve.dll':
     Found '_exit', possibly from '_exit' (C)
     Found 'abort', possibly from 'abort' (C), 'runtime' (Fortran)
     Found 'exit', possibly from 'exit' (C), 'stop' (Fortran)
     Found 'rand', possibly from 'rand' (C)
     Found 'srand', possibly from 'srand' (C)
    File 'Rserve/libs/i386/Rserve.dll':
     Found non-API calls to R: 'R_Interactive', 'R_Visible',
     'Rf_initialize_R', 'setup_Rmainloop'
    File 'Rserve/libs/x64/Rserve.dll':
     Found non-API calls to R: 'R_Interactive', 'R_Visible',
     'Rf_initialize_R', 'setup_Rmainloop'
    
    Compiled code should not call entry points which might terminate R nor
    write to stdout/stderr instead of to the console, nor use Fortran I/O
    nor system RNGs. The detected symbols are linked into the code but
    might come from libraries and not actually be called.
    Compiled code should not call non-API entry points in R.
    
    See 'Writing portable packages' in the 'Writing R Extensions' manual.
Flavor: r-oldrel-windows-ix86+x86_64