CRAN Package Check Results for Package Rook

Last updated on 2021-10-16 09:54:30 CEST.

Flavor Version Tinstall Tcheck Ttotal Status Flags
r-devel-linux-x86_64-debian-clang 1.1-1 5.79 33.13 38.92 OK
r-devel-linux-x86_64-debian-gcc 1.1-1 4.49 26.01 30.50 OK
r-devel-linux-x86_64-fedora-clang 1.1-1 58.46 NOTE
r-devel-linux-x86_64-fedora-gcc 1.1-1 46.95 NOTE
r-devel-windows-x86_64 1.1-1 8.00 40.00 48.00 OK
r-devel-windows-x86_64-gcc10-UCRT 1.1-1 OK
r-patched-linux-x86_64 1.1-1 6.96 31.96 38.92 OK
r-patched-solaris-x86 1.1-1 68.50 OK
r-release-linux-x86_64 1.1-1 5.78 31.59 37.37 OK
r-release-macos-arm64 1.1-1 OK
r-release-macos-x86_64 1.1-1 OK
r-release-windows-ix86+x86_64 1.1-1 14.00 59.00 73.00 OK
r-oldrel-macos-x86_64 1.1-1 OK
r-oldrel-windows-ix86+x86_64 1.1-1 10.00 56.00 66.00 OK

Additional issues

rchk

Check Details

Version: 1.1-1
Check: compiled code
Result: NOTE
    File ‘Rook/libs/Rook.so’:
     Found no call to: ‘R_useDynamicSymbols’
    
    It is good practice to register native routines and to disable symbol
    search.
    
    See ‘Writing portable packages’ in the ‘Writing R Extensions’ manual.
Flavors: r-devel-linux-x86_64-fedora-clang, r-devel-linux-x86_64-fedora-gcc