CRAN Package Check Results for Package RobustBayesianCopas

Last updated on 2025-11-23 12:50:02 CET.

Flavor Version Tinstall Tcheck Ttotal Status Flags
r-devel-linux-x86_64-debian-clang 2.0 2.67 29.01 31.68 NOTE
r-devel-linux-x86_64-debian-gcc 2.0 1.98 23.38 25.36 NOTE
r-devel-linux-x86_64-fedora-clang 2.0 48.53 OK
r-devel-windows-x86_64 2.0 4.00 48.00 52.00 OK
r-patched-linux-x86_64 2.0 2.89 27.68 30.57 OK
r-release-linux-x86_64 2.0 2.71 27.61 30.32 OK
r-release-macos-arm64 2.0 OK
r-release-macos-x86_64 2.0 3.00 50.00 53.00 OK
r-release-windows-x86_64 2.0 4.00 71.00 75.00 OK
r-oldrel-macos-arm64 2.0 OK
r-oldrel-macos-x86_64 2.0 2.00 26.00 28.00 OK
r-oldrel-windows-x86_64 2.0 4.00 55.00 59.00 OK

Check Details

Version: 2.0
Check: CRAN incoming feasibility
Result: NOTE Maintainer: ‘Ray Bai <raybaistat@gmail.com>’ No Authors@R field in DESCRIPTION. Please add one, modifying Authors@R: person(given = "Ray", family = "Bai", role = c("aut", "cre"), email = "raybaistat@gmail.com") as necessary. The Description field contains (2020) <arXiv:2005.02930> for correcting and quantifying publication Please refer to arXiv e-prints via their arXiv DOI <doi:10.48550/arXiv.YYMM.NNNNN>. Flavors: r-devel-linux-x86_64-debian-clang, r-devel-linux-x86_64-debian-gcc