Last updated on 2024-04-20 09:56:11 CEST.
Flavor | Version | Tinstall | Tcheck | Ttotal | Status | Flags |
---|---|---|---|---|---|---|
r-devel-linux-x86_64-debian-clang | 1.0.2 | 427.83 | 101.28 | 529.11 | OK | |
r-devel-linux-x86_64-debian-gcc | 1.0.2 | 337.72 | 94.73 | 432.45 | OK | |
r-devel-linux-x86_64-fedora-clang | 1.0.2 | 746.72 | OK | |||
r-devel-linux-x86_64-fedora-gcc | 1.0.2 | 795.26 | OK | |||
r-prerel-macos-arm64 | 1.0.2 | 137.00 | NOTE | |||
r-prerel-windows-x86_64 | 1.0.2 | 313.00 | 121.00 | 434.00 | OK | |
r-patched-linux-x86_64 | 1.0.2 | 417.45 | 117.44 | 534.89 | OK | |
r-release-linux-x86_64 | 1.0.2 | 425.33 | 121.69 | 547.02 | OK | |
r-release-macos-arm64 | 1.0.2 | 152.00 | NOTE | |||
r-release-macos-x86_64 | 1.0.2 | 254.00 | NOTE | |||
r-release-windows-x86_64 | 1.0.2 | 380.00 | 145.00 | 525.00 | OK | |
r-oldrel-macos-arm64 | 1.0.2 | 131.00 | NOTE | |||
r-oldrel-windows-x86_64 | 1.0.2 | 350.00 | 138.00 | 488.00 | OK |
Version: 1.0.2
Check: installed package size
Result: NOTE
installed size is 40.5Mb
sub-directories of 1Mb or more:
libs 40.3Mb
Flavors: r-prerel-macos-arm64, r-release-macos-arm64, r-release-macos-x86_64, r-oldrel-macos-arm64