Last updated on 2024-03-28 10:49:46 CET.
Flavor | Version | Tinstall | Tcheck | Ttotal | Status | Flags |
---|---|---|---|---|---|---|
r-devel-linux-x86_64-debian-clang | 2.1.10 | 638.95 | 71.35 | 710.30 | OK | |
r-devel-linux-x86_64-debian-gcc | 2.1.10 | 537.42 | 94.39 | 631.81 | OK | |
r-devel-linux-x86_64-fedora-clang | 2.1.10 | 1150.26 | OK | |||
r-devel-linux-x86_64-fedora-gcc | 2.1.10 | 1199.14 | OK | |||
r-devel-windows-x86_64 | 2.1.10 | 519.00 | 147.00 | 666.00 | OK | |
r-patched-linux-x86_64 | 2.1.10 | 698.94 | 120.22 | 819.16 | OK | |
r-release-linux-x86_64 | 2.1.10 | 695.45 | 120.48 | 815.93 | OK | |
r-release-macos-arm64 | 2.1.10 | 204.00 | NOTE | |||
r-release-macos-x86_64 | 2.1.10 | 225.00 | NOTE | |||
r-release-windows-x86_64 | 2.1.10 | 668.00 | 175.00 | 843.00 | OK | |
r-oldrel-macos-arm64 | 2.1.10 | 205.00 | NOTE | |||
r-oldrel-windows-x86_64 | 2.1.10 | 685.00 | 150.00 | 835.00 | OK |
Version: 2.1.10
Check: installed package size
Result: NOTE
installed size is 38.9Mb
sub-directories of 1Mb or more:
libs 38.0Mb
Flavors: r-release-macos-arm64, r-release-macos-x86_64, r-oldrel-macos-arm64