Last updated on 2024-03-28 10:49:46 CET.
Flavor | Version | Tinstall | Tcheck | Ttotal | Status | Flags |
---|---|---|---|---|---|---|
r-devel-linux-x86_64-debian-clang | 1.0.2 | 1.59 | 24.73 | 26.32 | NOTE | |
r-devel-linux-x86_64-debian-gcc | 1.0.2 | 1.76 | 19.70 | 21.46 | NOTE | |
r-devel-linux-x86_64-fedora-clang | 1.0.2 | 34.46 | NOTE | |||
r-devel-linux-x86_64-fedora-gcc | 1.0.2 | 33.51 | NOTE | |||
r-devel-windows-x86_64 | 1.0.2 | 3.00 | 46.00 | 49.00 | OK | |
r-patched-linux-x86_64 | 1.0.2 | 3.97 | 24.29 | 28.26 | NOTE | |
r-release-linux-x86_64 | 1.0.2 | 2.03 | 23.81 | 25.84 | NOTE | |
r-release-macos-arm64 | 1.0.2 | 16.00 | OK | |||
r-release-macos-x86_64 | 1.0.2 | 21.00 | OK | |||
r-release-windows-x86_64 | 1.0.2 | 3.00 | 45.00 | 48.00 | OK | |
r-oldrel-macos-arm64 | 1.0.2 | 16.00 | OK | |||
r-oldrel-windows-x86_64 | 1.0.2 | 3.00 | 49.00 | 52.00 | OK |
Version: 1.0.2
Check: for non-standard things in the check directory
Result: NOTE
Found the following files/directories:
‘B110711CD4.CSV’ ‘inputparam2.txt’ ‘itcout0.pdf’ ‘itcout1.eps’
‘origin_data.csv’
Flavors: r-devel-linux-x86_64-debian-clang, r-devel-linux-x86_64-debian-gcc, r-devel-linux-x86_64-fedora-clang, r-devel-linux-x86_64-fedora-gcc, r-patched-linux-x86_64, r-release-linux-x86_64