CRAN Package Check Results for Package Rdpack

Last updated on 2021-09-19 09:50:37 CEST.

Flavor Version Tinstall Tcheck Ttotal Status Flags
r-devel-linux-x86_64-debian-clang 2.1.2 7.11 72.16 79.27 OK
r-devel-linux-x86_64-debian-gcc 2.1.2 5.05 54.80 59.85 OK
r-devel-linux-x86_64-fedora-clang 2.1.2 102.60 OK
r-devel-linux-x86_64-fedora-gcc 2.1.2 90.95 OK
r-devel-windows-x86_64 2.1.2 10.00 107.00 117.00 OK
r-devel-windows-x86_64-gcc10-UCRT 2.1.2 ERROR
r-patched-linux-x86_64 2.1.2 8.98 69.37 78.35 OK
r-patched-solaris-x86 2.1.2 122.20 OK
r-release-linux-x86_64 2.1.2 4.97 69.85 74.82 OK
r-release-macos-arm64 2.1.2 OK
r-release-macos-x86_64 2.1.2 OK
r-release-windows-ix86+x86_64 2.1.2 12.00 104.00 116.00 OK
r-oldrel-macos-x86_64 2.1.2 OK
r-oldrel-windows-ix86+x86_64 2.1.2 12.00 81.00 93.00 OK

Check Details

Version: 2.1.2
Check: whether package can be installed
Result: WARN
    Found the following significant warnings:
     WARNING: installation-time patches will not be applied, could not get the patches index
Flavor: r-devel-windows-x86_64-gcc10-UCRT

Version: 2.1.2
Check: PDF version of manual
Result: WARN
    LaTeX errors when creating PDF version.
    This typically indicates Rd problems.
Flavor: r-devel-windows-x86_64-gcc10-UCRT

Version: 2.1.2
Check: PDF version of manual without hyperrefs or index
Result: ERROR
    Re-running with no redirection of stdout/stderr.
Flavor: r-devel-windows-x86_64-gcc10-UCRT