CRAN Package Check Results for Package Rdimtools

Last updated on 2021-10-20 09:55:19 CEST.

Flavor Version Tinstall Tcheck Ttotal Status Flags
r-devel-linux-x86_64-debian-clang 1.0.8 262.95 226.53 489.48 OK
r-devel-linux-x86_64-debian-gcc 1.0.8 204.91 169.61 374.52 OK
r-devel-linux-x86_64-fedora-clang 1.0.8 716.98 NOTE
r-devel-linux-x86_64-fedora-gcc 1.0.8 657.93 OK
r-devel-windows-x86_64 1.0.8 340.00 309.00 649.00 NOTE
r-devel-windows-x86_64-gcc10-UCRT 1.0.8 OK
r-patched-linux-x86_64 1.0.8 227.40 217.72 445.12 OK
r-patched-solaris-x86 1.0.8 604.40 NOTE
r-release-linux-x86_64 1.0.8 244.99 218.04 463.03 OK
r-release-macos-arm64 1.0.8 NOTE
r-release-macos-x86_64 1.0.8 NOTE
r-release-windows-ix86+x86_64 1.0.8 455.00 408.00 863.00 NOTE
r-oldrel-macos-x86_64 1.0.8 NOTE
r-oldrel-windows-ix86+x86_64 1.0.8 364.00 8.00 372.00 ERROR

Check Details

Version: 1.0.8
Check: installed package size
Result: NOTE
     installed size is 21.4Mb
     sub-directories of 1Mb or more:
     data 1.9Mb
     libs 17.8Mb
Flavors: r-devel-linux-x86_64-fedora-clang, r-devel-windows-x86_64, r-patched-solaris-x86, r-release-macos-arm64, r-release-macos-x86_64, r-release-windows-ix86+x86_64, r-oldrel-macos-x86_64

Version: 1.0.8
Check: Rd cross-references
Result: NOTE
    Undeclared package ‘Rtsne’ in Rd xrefs
Flavor: r-devel-linux-x86_64-fedora-clang

Version: 1.0.8
Check: whether package can be installed
Result: ERROR
    Installation failed.
Flavor: r-oldrel-windows-ix86+x86_64