Last updated on 2024-03-28 10:49:45 CET.
Flavor | Version | Tinstall | Tcheck | Ttotal | Status | Flags |
---|---|---|---|---|---|---|
r-devel-linux-x86_64-debian-clang | 1.1.2 | 294.05 | 275.00 | 569.05 | NOTE | |
r-devel-linux-x86_64-debian-gcc | 1.1.2 | 235.56 | 200.44 | 436.00 | NOTE | |
r-devel-linux-x86_64-fedora-clang | 1.1.2 | 769.74 | NOTE | |||
r-devel-linux-x86_64-fedora-gcc | 1.1.2 | 805.61 | NOTE | |||
r-devel-windows-x86_64 | 1.1.2 | 225.00 | 282.00 | 507.00 | NOTE | |
r-patched-linux-x86_64 | 1.1.2 | 212.34 | 265.05 | 477.39 | NOTE | |
r-release-linux-x86_64 | 1.1.2 | 217.25 | 261.62 | 478.87 | NOTE | |
r-release-macos-arm64 | 1.1.2 | 178.00 | NOTE | |||
r-release-macos-x86_64 | 1.1.2 | 334.00 | NOTE | |||
r-release-windows-x86_64 | 1.1.2 | 281.00 | 357.00 | 638.00 | NOTE | |
r-oldrel-macos-arm64 | 1.1.2 | 169.00 | NOTE | |||
r-oldrel-windows-x86_64 | 1.1.2 | 271.00 | 301.00 | 572.00 | NOTE |
Version: 1.1.2
Check: C++ specification
Result: NOTE
Specified C++11: please drop specification unless essential
Flavors: r-devel-linux-x86_64-debian-clang, r-devel-linux-x86_64-debian-gcc, r-devel-linux-x86_64-fedora-clang, r-devel-linux-x86_64-fedora-gcc, r-devel-windows-x86_64, r-patched-linux-x86_64, r-release-linux-x86_64, r-release-macos-arm64, r-release-macos-x86_64, r-release-windows-x86_64
Version: 1.1.2
Check: Rd files
Result: NOTE
checkRd: (-1) linear_RNDPROJ.Rd:45: Lost braces; missing escapes or markup?
45 | there is a linear map \eqn{f:R^N} to {R^n} such that
| ^
Flavors: r-devel-linux-x86_64-debian-clang, r-devel-linux-x86_64-debian-gcc, r-devel-linux-x86_64-fedora-clang, r-devel-linux-x86_64-fedora-gcc, r-devel-windows-x86_64, r-patched-linux-x86_64
Version: 1.1.2
Check: installed package size
Result: NOTE
installed size is 5.2Mb
sub-directories of 1Mb or more:
data 1.7Mb
libs 1.6Mb
Flavors: r-devel-linux-x86_64-fedora-clang, r-devel-windows-x86_64, r-release-macos-arm64, r-release-macos-x86_64, r-release-windows-x86_64, r-oldrel-macos-arm64, r-oldrel-windows-x86_64
Version: 1.1.2
Check: Rd cross-references
Result: NOTE
Undeclared package ‘Rtsne’ in Rd xrefs
Flavor: r-devel-linux-x86_64-fedora-clang