Last updated on 2024-04-19 10:57:37 CEST.
Flavor | Version | Tinstall | Tcheck | Ttotal | Status | Flags |
---|---|---|---|---|---|---|
r-devel-linux-x86_64-debian-clang | 0.0.16 | 71.95 | 32.82 | 104.77 | OK | |
r-devel-linux-x86_64-debian-gcc | 0.0.16 | OK | ||||
r-devel-linux-x86_64-fedora-clang | 0.0.16 | 131.32 | OK | |||
r-devel-linux-x86_64-fedora-gcc | 0.0.16 | 192.15 | OK | |||
r-prerel-macos-arm64 | 0.0.16 | 41.00 | NOTE | |||
r-prerel-windows-x86_64 | 0.0.16 | 68.00 | 82.00 | 150.00 | OK | |
r-patched-linux-x86_64 | 0.0.16 | 80.38 | 31.93 | 112.31 | OK | |
r-release-linux-x86_64 | 0.0.16 | 78.64 | 30.49 | 109.13 | OK | |
r-release-macos-arm64 | 0.0.16 | 51.00 | NOTE | |||
r-release-macos-x86_64 | 0.0.16 | 90.00 | NOTE | |||
r-release-windows-x86_64 | 0.0.16 | 73.00 | 111.00 | 184.00 | OK | |
r-oldrel-macos-arm64 | 0.0.16 | 45.00 | NOTE | |||
r-oldrel-windows-x86_64 | 0.0.16 | 77.00 | 97.00 | 174.00 | OK |
Version: 0.0.16
Check: installed package size
Result: NOTE
installed size is 6.6Mb
sub-directories of 1Mb or more:
include 1.1Mb
libs 5.2Mb
Flavors: r-prerel-macos-arm64, r-release-macos-arm64, r-release-macos-x86_64, r-oldrel-macos-arm64