CRAN Package Check Results for Package RcppEigen

Last updated on 2021-09-19 09:50:36 CEST.

Flavor Version Tinstall Tcheck Ttotal Status Flags
r-devel-linux-x86_64-debian-clang 0.3.3.9.1 84.91 83.10 168.01 OK
r-devel-linux-x86_64-debian-gcc 0.3.3.9.1 57.77 67.14 124.91 OK
r-devel-linux-x86_64-fedora-clang 0.3.3.9.1 223.86 NOTE
r-devel-linux-x86_64-fedora-gcc 0.3.3.9.1 208.80 OK
r-devel-windows-x86_64 0.3.3.9.1 73.00 242.00 315.00 NOTE
r-devel-windows-x86_64-gcc10-UCRT 0.3.3.9.1 ERROR
r-patched-linux-x86_64 0.3.3.9.1 66.66 82.96 149.62 OK
r-patched-solaris-x86 0.3.3.9.1 335.40 NOTE
r-release-linux-x86_64 0.3.3.9.1 65.63 83.37 149.00 OK
r-release-macos-arm64 0.3.3.9.1 NOTE
r-release-macos-x86_64 0.3.3.9.1 NOTE
r-release-windows-ix86+x86_64 0.3.3.9.1 169.00 384.00 553.00 NOTE
r-oldrel-macos-x86_64 0.3.3.9.1 NOTE
r-oldrel-windows-ix86+x86_64 0.3.3.9.1 164.00 307.00 471.00 NOTE

Check Details

Version: 0.3.3.9.1
Check: installed package size
Result: NOTE
     installed size is 31.0Mb
     sub-directories of 1Mb or more:
     include 7.9Mb
     libs 22.4Mb
Flavors: r-devel-linux-x86_64-fedora-clang, r-devel-windows-x86_64, r-patched-solaris-x86, r-release-macos-arm64, r-release-macos-x86_64, r-release-windows-ix86+x86_64, r-oldrel-macos-x86_64, r-oldrel-windows-ix86+x86_64

Version: 0.3.3.9.1
Check: whether package can be installed
Result: ERROR
    Installation failed.
Flavor: r-devel-windows-x86_64-gcc10-UCRT