Last updated on 2024-05-11 09:51:30 CEST.
Flavor | Version | Tinstall | Tcheck | Ttotal | Status | Flags |
---|---|---|---|---|---|---|
r-devel-linux-x86_64-debian-clang | 0.1.7 | 59.25 | 51.64 | 110.89 | NOTE | |
r-devel-linux-x86_64-debian-gcc | 0.1.7 | 47.49 | 39.25 | 86.74 | NOTE | |
r-devel-linux-x86_64-fedora-clang | 0.1.7 | 162.81 | NOTE | |||
r-devel-linux-x86_64-fedora-gcc | 0.1.7 | 223.80 | NOTE | |||
r-devel-windows-x86_64 | 0.1.7 | 50.00 | 110.00 | 160.00 | NOTE | |
r-patched-linux-x86_64 | 0.1.7 | 63.12 | 48.73 | 111.85 | NOTE | |
r-release-linux-x86_64 | 0.1.7 | 59.52 | 47.73 | 107.25 | NOTE | |
r-release-macos-arm64 | 0.1.7 | 49.00 | NOTE | |||
r-release-windows-x86_64 | 0.1.7 | 48.00 | 104.00 | 152.00 | NOTE | |
r-oldrel-macos-arm64 | 0.1.7 | 42.00 | NOTE | |||
r-oldrel-macos-x86_64 | 0.1.7 | 81.00 | NOTE | |||
r-oldrel-windows-x86_64 | 0.1.7 | 59.00 | 143.00 | 202.00 | NOTE |
Version: 0.1.7
Check: C++ specification
Result: NOTE
Specified C++11: please drop specification unless essential
Flavors: r-devel-linux-x86_64-debian-clang, r-devel-linux-x86_64-debian-gcc, r-devel-linux-x86_64-fedora-clang, r-devel-linux-x86_64-fedora-gcc, r-devel-windows-x86_64, r-patched-linux-x86_64, r-release-linux-x86_64, r-release-macos-arm64, r-release-windows-x86_64, r-oldrel-macos-arm64, r-oldrel-macos-x86_64, r-oldrel-windows-x86_64