CRAN Package Check Results for Package RcppArmadillo

Last updated on 2021-09-25 09:54:02 CEST.

Flavor Version Tinstall Tcheck Ttotal Status Flags
r-devel-linux-x86_64-debian-clang 0.10.6.0.0 55.10 47.11 102.21 OK
r-devel-linux-x86_64-debian-gcc 0.10.6.0.0 31.34 37.21 68.55 OK
r-devel-linux-x86_64-fedora-clang 0.10.6.0.0 137.73 NOTE
r-devel-linux-x86_64-fedora-gcc 0.10.6.0.0 120.57 ERROR
r-devel-windows-x86_64 0.10.6.0.0 51.00 236.00 287.00 NOTE
r-devel-windows-x86_64-gcc10-UCRT 0.10.6.0.0 OK
r-patched-linux-x86_64 0.10.6.0.0 39.83 46.46 86.29 OK
r-patched-solaris-x86 0.10.6.0.0 281.60 NOTE
r-release-linux-x86_64 0.10.6.0.0 39.84 46.50 86.34 OK
r-release-macos-arm64 0.10.6.0.0 NOTE
r-release-macos-x86_64 0.10.6.0.0 NOTE
r-release-windows-ix86+x86_64 0.10.6.0.0 117.00 495.00 612.00 NOTE
r-oldrel-macos-x86_64 0.10.6.0.0 NOTE
r-oldrel-windows-ix86+x86_64 0.10.6.0.0 85.00 357.00 442.00 NOTE

Check Details

Version: 0.10.6.0.0
Check: installed package size
Result: NOTE
     installed size is 8.9Mb
     sub-directories of 1Mb or more:
     include 6.2Mb
     libs 1.6Mb
Flavors: r-devel-linux-x86_64-fedora-clang, r-devel-windows-x86_64, r-patched-solaris-x86, r-release-macos-arm64, r-release-macos-x86_64, r-release-windows-ix86+x86_64, r-oldrel-macos-x86_64, r-oldrel-windows-ix86+x86_64

Version: 0.10.6.0.0
Check: tests
Result: ERROR
     Running ‘tinytest.R’ [0s/211s]
    Running the tests in ‘tests/tinytest.R’ failed.
    Complete output:
     >
     > if (requireNamespace("tinytest", quietly=TRUE) &&
     + utils::packageVersion("tinytest") >= "1.0.0") {
     +
     + ## Set a seed to make the test deterministic
     + set.seed(42)
     +
     + ## R makes us to this
     + Sys.setenv("R_TESTS"="")
     +
     + ## there are several more granular ways to test files in a tinytest directory,
     + ## see its package vignette; tests can also run once the package is installed
     + ## using the same command `test_package(pkgName)`, or by director or file
     + tinytest::test_package("RcppArmadillo", ncpu=getOption("Ncpus", 1))
     + }
     starting worker pid=957402 on localhost:11631 at 04:57:03.661
    
     test_Rlapack.R................ 7 tests <1b>[0;32mOK<1b>[0m <1b>[0;34m28.3s<1b>[0m
    
     test_complex.R................ 11 tests <1b>[0;32mOK<1b>[0m <1b>[0;34m26.1s<1b>[0m
    
     test_cube.R................... 18 tests <1b>[0;32mOK<1b>[0m <1b>[0;34m23.5s<1b>[0m
    
     test_fastLm.R................. 30 tests <1b>[0;32mOK<1b>[0m <1b>[0;36m86ms<1b>[0m
    
     test_misc.R................... 7 tests <1b>[0;32mOK<1b>[0m <1b>[0;36m11ms<1b>[0m
    
     test_rcpparmadillo.R.......... 48 tests <1b>[0;32mOK<1b>[0m <1b>[0;34m1.1s<1b>[0m
    
     test_rmultinom.R.............. 9 tests <1b>[0;32mOK<1b>[0m <1b>[0;34m19.2s<1b>[0m
    
     test_rng.R.................... 10 tests <1b>[0;32mOK<1b>[0m <1b>[0;34m20.2s<1b>[0m
     Error in checkForRemoteErrors(val) :
     one node produced an error: object 'nl' not found
     Calls: <Anonymous> ... clusterApply -> staticClusterApply -> checkForRemoteErrors
     Execution halted
Flavor: r-devel-linux-x86_64-fedora-gcc