Last updated on 2024-05-11 09:51:30 CEST.
Flavor | Version | Tinstall | Tcheck | Ttotal | Status | Flags |
---|---|---|---|---|---|---|
r-devel-linux-x86_64-debian-clang | 0.0.22 | 59.50 | 100.79 | 160.29 | OK | |
r-devel-linux-x86_64-debian-gcc | 0.0.22 | 41.33 | 70.14 | 111.47 | OK | |
r-devel-linux-x86_64-fedora-clang | 0.0.22 | 205.42 | OK | |||
r-devel-linux-x86_64-fedora-gcc | 0.0.22 | 365.83 | OK | |||
r-devel-windows-x86_64 | 0.0.22 | 60.00 | 138.00 | 198.00 | OK | |
r-patched-linux-x86_64 | 0.0.22 | 55.45 | 95.26 | 150.71 | OK | |
r-release-linux-x86_64 | 0.0.22 | 53.18 | 96.65 | 149.83 | OK | |
r-release-macos-arm64 | 0.0.22 | 54.00 | NOTE | |||
r-release-macos-x86_64 | 0.0.22 | 177.00 | NOTE | |||
r-release-windows-x86_64 | 0.0.22 | 54.00 | 134.00 | 188.00 | OK | |
r-oldrel-macos-arm64 | 0.0.22 | 69.00 | NOTE | |||
r-oldrel-macos-x86_64 | 0.0.22 | 189.00 | NOTE | |||
r-oldrel-windows-x86_64 | 0.0.22 | 69.00 | 203.00 | 272.00 | OK |
Version: 0.0.22
Check: installed package size
Result: NOTE
installed size is 6.5Mb
sub-directories of 1Mb or more:
libs 6.2Mb
Flavors: r-release-macos-arm64, r-release-macos-x86_64, r-oldrel-macos-arm64, r-oldrel-macos-x86_64