CRAN Package Check Results for Package Rcplex

Last updated on 2021-11-29 09:52:48 CET.

Flavor Version Tinstall Tcheck Ttotal Status Flags
r-devel-linux-x86_64-debian-clang 0.3-4 OK --install=fake --no-examples --no-tests --no-vignettes
r-devel-linux-x86_64-debian-gcc 0.3-4 1.91 19.99 21.90 OK --install=fake --no-examples --no-tests --no-vignettes
r-devel-windows-x86_64-new-UL 0.3-3 1.00 30.00 31.00 ERROR
r-devel-windows-x86_64-new-TK 0.3-4 OK --install=fake
r-devel-windows-x86_64-old 0.3-3 1.00 8.00 9.00 ERROR
r-patched-linux-x86_64 0.3-4 2.38 24.41 26.79 OK --no-examples --no-tests --no-vignettes
r-release-linux-x86_64 0.3-4 2.51 24.61 27.12 OK --no-examples --no-tests --no-vignettes
r-release-macos-arm64 0.3-4 ERROR
r-release-macos-x86_64 0.3-4 ERROR
r-oldrel-macos-x86_64 0.3-4 ERROR
r-oldrel-windows-ix86+x86_64 0.3-3 2.00 6.00 8.00 ERROR

Check Details

Version: 0.3-3
Check: whether package can be installed
Result: ERROR
    Installation failed.
Flavors: r-devel-windows-x86_64-new-UL, r-devel-windows-x86_64-old, r-oldrel-windows-ix86+x86_64

Version: 0.3-4
Check: whether package can be installed
Result: ERROR
    Installation failed.
Flavors: r-release-macos-arm64, r-release-macos-x86_64, r-oldrel-macos-x86_64