Last updated on 2024-04-23 10:54:14 CEST.
Flavor | Version | Tinstall | Tcheck | Ttotal | Status | Flags |
---|---|---|---|---|---|---|
r-devel-linux-x86_64-debian-clang | 1.1.3.1 | 1.11 | 2.32 | 3.43 | ERROR | |
r-devel-linux-x86_64-debian-gcc | 1.1.3.1 | 1.87 | 1.87 | ERROR | ||
r-devel-linux-x86_64-fedora-clang | 1.1.3.1 | 782.68 | NOTE | |||
r-devel-linux-x86_64-fedora-gcc | 1.1.3.1 | 724.42 | NOTE | |||
r-prerel-macos-arm64 | 1.1.3.1 | 241.00 | NOTE | |||
r-prerel-macos-x86_64 | 1.1.3.1 | 391.00 | NOTE | |||
r-prerel-windows-x86_64 | 1.1.3.1 | 51.00 | 433.00 | 484.00 | NOTE | |
r-patched-linux-x86_64 | 1.1.3.1 | 63.91 | 496.37 | 560.28 | NOTE | |
r-release-linux-x86_64 | 1.1.3.1 | 55.52 | 464.08 | 519.60 | NOTE | |
r-release-macos-arm64 | 1.1.3.1 | 139.00 | NOTE | |||
r-release-macos-x86_64 | 1.1.3.1 | 271.00 | NOTE | |||
r-release-windows-x86_64 | 1.1.3.1 | 60.00 | 423.00 | 483.00 | NOTE | |
r-oldrel-macos-arm64 | 1.1.3.1 | 212.00 | NOTE | |||
r-oldrel-windows-x86_64 | 1.1.3.1 | 60.00 | 353.00 | 413.00 | NOTE |
Version: 1.1.3.1
Check: package dependencies
Result: ERROR
Package required but not available: ‘BicARE’
Depends: includes the non-default packages:
'biclust', 'fabia', 'iBBiG', 'superbiclust', 'BcDiag', 'BicARE',
's4vd', 'BiBitR'
Adding so many packages to the search path is excessive and importing
selectively is preferable.
See section ‘The DESCRIPTION file’ in the ‘Writing R Extensions’
manual.
Flavors: r-devel-linux-x86_64-debian-clang, r-devel-linux-x86_64-debian-gcc
Version: 1.1.3.1
Check: package dependencies
Result: NOTE
Depends: includes the non-default packages:
'biclust', 'fabia', 'iBBiG', 'superbiclust', 'BcDiag', 'BicARE',
's4vd', 'BiBitR'
Adding so many packages to the search path is excessive and importing
selectively is preferable.
Flavors: r-devel-linux-x86_64-fedora-clang, r-devel-linux-x86_64-fedora-gcc, r-prerel-macos-arm64, r-prerel-macos-x86_64, r-prerel-windows-x86_64, r-patched-linux-x86_64, r-release-linux-x86_64, r-release-windows-x86_64, r-oldrel-windows-x86_64
Version: 1.1.3.1
Check: package dependencies
Result: NOTE
Package suggested but not available for checking: ‘rqubic’
Depends: includes the non-default packages:
'biclust', 'fabia', 'iBBiG', 'superbiclust', 'BcDiag', 'BicARE',
's4vd', 'BiBitR'
Adding so many packages to the search path is excessive and importing
selectively is preferable.
Flavors: r-release-macos-arm64, r-release-macos-x86_64, r-oldrel-macos-arm64