CRAN Package Check Results for Package Rborist

Last updated on 2021-09-17 09:53:34 CEST.

Flavor Version Tinstall Tcheck Ttotal Status Flags
r-devel-linux-x86_64-debian-clang 0.2-3 220.95 36.75 257.70 OK
r-devel-linux-x86_64-debian-gcc 0.2-3 127.13 28.72 155.85 OK
r-devel-linux-x86_64-fedora-clang 0.2-3 349.16 NOTE
r-devel-linux-x86_64-fedora-gcc 0.2-3 289.16 OK
r-devel-windows-x86_64 0.2-3 176.00 79.00 255.00 OK
r-devel-windows-x86_64-gcc10-UCRT 0.2-3 OK
r-patched-linux-x86_64 0.2-3 157.15 35.05 192.20 OK
r-patched-solaris-x86 0.2-3 252.10 OK
r-release-linux-x86_64 0.2-3 163.11 34.75 197.86 OK
r-release-macos-arm64 0.2-3 NOTE
r-release-macos-x86_64 0.2-3 NOTE
r-release-windows-ix86+x86_64 0.2-3 450.00 96.00 546.00 OK
r-oldrel-macos-x86_64 0.2-3 NOTE
r-oldrel-windows-ix86+x86_64 0.2-3 333.00 96.00 429.00 OK

Check Details

Version: 0.2-3
Check: installed package size
Result: NOTE
     installed size is 9.3Mb
     sub-directories of 1Mb or more:
     libs 9.0Mb
Flavors: r-devel-linux-x86_64-fedora-clang, r-release-macos-arm64, r-release-macos-x86_64, r-oldrel-macos-x86_64