CRAN Package Check Results for Package Rbitcoin

Last updated on 2021-09-22 09:52:43 CEST.

Flavor Version Tinstall Tcheck Ttotal Status Flags
r-devel-linux-x86_64-debian-clang 0.9.2 4.83 41.70 46.53 NOTE
r-devel-linux-x86_64-debian-gcc 0.9.2 4.24 31.74 35.98 NOTE
r-devel-linux-x86_64-fedora-clang 0.9.2 65.50 NOTE
r-devel-linux-x86_64-fedora-gcc 0.9.2 53.19 NOTE
r-devel-windows-x86_64 0.9.2 6.00 44.00 50.00 NOTE
r-devel-windows-x86_64-gcc10-UCRT 0.9.2 ERROR
r-patched-linux-x86_64 0.9.2 6.19 39.07 45.26 NOTE
r-patched-solaris-x86 0.9.2 81.10 NOTE
r-release-linux-x86_64 0.9.2 4.74 38.76 43.50 NOTE
r-release-macos-arm64 0.9.2 NOTE
r-release-macos-x86_64 0.9.2 NOTE
r-release-windows-ix86+x86_64 0.9.2 11.00 57.00 68.00 NOTE
r-oldrel-macos-x86_64 0.9.2 NOTE
r-oldrel-windows-ix86+x86_64 0.9.2 22.00 41.00 63.00 NOTE

Check Details

Version: 0.9.2
Check: R code for possible problems
Result: NOTE
    Rbitcoin.plot: no visible global function definition for 'dev.off'
    Rbitcoin.plot.order_book: no visible global function definition for
     'lines'
    Rbitcoin.plot.order_book: no visible global function definition for
     'mtext'
    Rbitcoin.plot.order_book: no visible global function definition for
     'grid'
    Rbitcoin.plot.trades: no visible global function definition for 'mtext'
    Rbitcoin.plot.trades: no visible global function definition for 'grid'
    Rbitcoin.plot.wallet: no visible global function definition for 'par'
    Rbitcoin.plot.wallet : case.legend: no visible global function
     definition for 'dev.interactive'
    Rbitcoin.plot.wallet : case.legend: no visible global function
     definition for 'legend'
    Rbitcoin.plot.wallet : case.legend: no visible global function
     definition for 'dev.cur'
    Rbitcoin.plot.wallet: no visible global function definition for
     'barplot'
    Rbitcoin.plot.wallet: no visible global function definition for 'lines'
    Rbitcoin.plot.wallet: no visible global function definition for 'title'
    Rbitcoin.plot.wallet: no visible global function definition for 'mtext'
    blockchain.api.query: no visible global function definition for
     'packageVersion'
    get_rate: no visible global function definition for 'packageVersion'
    market.api.process: no visible global function definition for 'data'
    market.api.process: no visible global function definition for
     'packageVersion'
    market.api.query.bitmarket: no visible global function definition for
     'packageVersion'
    market.api.query.bitstamp: no visible global function definition for
     'packageVersion'
    market.api.query.btce: no visible global function definition for
     'packageVersion'
    market.api.query.kraken: no visible global function definition for
     'packageVersion'
    market.api.query.mtgox: no visible global function definition for
     'packageVersion'
    wallet_manager: no visible binding for global variable 'timestamp'
    wallet_manager : wallet_source.market: no visible binding for global
     variable 'timestamp'
    wallet_manager : wallet_source.blockchain: no visible binding for
     global variable 'timestamp'
    wallet_value: no visible global function definition for 'data'
    wallet_value: no visible global function definition for 'head'
    wallet_value: no visible global function definition for 'write.table'
    wallet_value: no visible binding for global variable 'timestamp'
    Undefined global functions or variables:
     barplot data dev.cur dev.interactive dev.off grid head legend lines
     mtext packageVersion par timestamp title write.table
    Consider adding
     importFrom("grDevices", "dev.cur", "dev.interactive", "dev.off")
     importFrom("graphics", "barplot", "grid", "legend", "lines", "mtext",
     "par", "title")
     importFrom("utils", "data", "head", "packageVersion", "timestamp",
     "write.table")
    to your NAMESPACE file.
Flavors: r-devel-linux-x86_64-debian-clang, r-devel-linux-x86_64-debian-gcc, r-devel-linux-x86_64-fedora-clang, r-devel-linux-x86_64-fedora-gcc, r-devel-windows-x86_64, r-devel-windows-x86_64-gcc10-UCRT, r-patched-linux-x86_64, r-patched-solaris-x86, r-release-linux-x86_64, r-release-macos-arm64, r-release-macos-x86_64, r-release-windows-ix86+x86_64, r-oldrel-macos-x86_64, r-oldrel-windows-ix86+x86_64

Version: 0.9.2
Check: PDF version of manual
Result: WARN
    LaTeX errors when creating PDF version.
    This typically indicates Rd problems.
Flavor: r-devel-windows-x86_64-gcc10-UCRT

Version: 0.9.2
Check: PDF version of manual without hyperrefs or index
Result: ERROR
    Re-running with no redirection of stdout/stderr.
Flavor: r-devel-windows-x86_64-gcc10-UCRT