Last updated on 2024-04-23 10:54:13 CEST.
Flavor | Version | Tinstall | Tcheck | Ttotal | Status | Flags |
---|---|---|---|---|---|---|
r-devel-linux-x86_64-debian-clang | 0.3.5 | 60.59 | 378.24 | 438.83 | NOTE | |
r-devel-linux-x86_64-debian-gcc | 0.3.5 | 42.45 | 273.34 | 315.79 | NOTE | |
r-devel-linux-x86_64-fedora-clang | 0.3.5 | 600.38 | NOTE | |||
r-devel-linux-x86_64-fedora-gcc | 0.3.5 | 565.23 | OK | |||
r-prerel-macos-arm64 | 0.3.5 | 184.00 | NOTE | |||
r-prerel-macos-x86_64 | 0.3.5 | 467.00 | NOTE | |||
r-prerel-windows-x86_64 | 0.3.5 | 51.00 | 444.00 | 495.00 | NOTE | |
r-patched-linux-x86_64 | 0.3.5 | 52.97 | 382.98 | 435.95 | OK | |
r-release-linux-x86_64 | 0.3.5 | 38.39 | 391.00 | 429.39 | OK | |
r-release-macos-arm64 | 0.3.5 | 205.00 | NOTE | |||
r-release-macos-x86_64 | 0.3.5 | 509.00 | NOTE | |||
r-release-windows-x86_64 | 0.3.5 | 58.00 | 523.00 | 581.00 | NOTE | |
r-oldrel-macos-arm64 | 0.3.5 | 199.00 | NOTE | |||
r-oldrel-windows-x86_64 | 0.3.5 | 61.00 | 524.00 | 585.00 | NOTE |
Version: 0.3.5
Check: package dependencies
Result: NOTE
Packages suggested but not available for checking:
'batchelor', 'DESeq2', 'SingleCellExperiment', 'slingshot',
'SummarizedExperiment'
Flavor: r-devel-linux-x86_64-debian-clang
Version: 0.3.5
Check: package dependencies
Result: NOTE
Package suggested but not available for checking: ‘slingshot’
Flavors: r-devel-linux-x86_64-debian-gcc, r-oldrel-macos-arm64
Version: 0.3.5
Check: package dependencies
Result: NOTE
Imports includes 25 non-default packages.
Importing from so many packages makes the package vulnerable to any of
them becoming unavailable. Move as many as possible to Suggests and
use conditionally.
Flavor: r-devel-linux-x86_64-fedora-clang
Version: 0.3.5
Check: installed package size
Result: NOTE
installed size is 9.7Mb
sub-directories of 1Mb or more:
data 2.0Mb
doc 6.7Mb
Flavors: r-devel-linux-x86_64-fedora-clang, r-prerel-macos-arm64, r-prerel-macos-x86_64, r-prerel-windows-x86_64, r-release-macos-arm64, r-release-macos-x86_64, r-release-windows-x86_64, r-oldrel-macos-arm64, r-oldrel-windows-x86_64
Version: 0.3.5
Check: package dependencies
Result: NOTE
Packages suggested but not available for checking: 'batchelor', 'slingshot'
Flavors: r-prerel-macos-arm64, r-release-macos-arm64, r-release-macos-x86_64