Last updated on 2024-03-29 11:54:05 CET.
Flavor | Version | Tinstall | Tcheck | Ttotal | Status | Flags |
---|---|---|---|---|---|---|
r-devel-linux-x86_64-debian-clang | 0.9-83-7 | 17.50 | 143.86 | 161.36 | NOTE | |
r-devel-linux-x86_64-debian-gcc | 0.9-83-7 | 17.72 | 103.50 | 121.22 | NOTE | |
r-devel-linux-x86_64-fedora-clang | 0.9-83-7 | 226.93 | NOTE | |||
r-devel-linux-x86_64-fedora-gcc | 0.9-83-7 | 203.98 | NOTE | |||
r-devel-windows-x86_64 | 0.9-83-7 | 19.00 | 147.00 | 166.00 | NOTE | |
r-patched-linux-x86_64 | 0.9-83-7 | 26.42 | 138.31 | 164.73 | NOTE | |
r-release-linux-x86_64 | 0.9-83-7 | 18.00 | 136.89 | 154.89 | NOTE | |
r-release-macos-arm64 | 0.9-83-7 | 50.00 | NOTE | |||
r-release-macos-x86_64 | 0.9-83-7 | 149.00 | NOTE | |||
r-release-windows-x86_64 | 0.9-83-7 | 25.00 | 181.00 | 206.00 | NOTE | |
r-oldrel-macos-arm64 | 0.9-83-7 | 51.00 | NOTE | |||
r-oldrel-windows-x86_64 | 0.9-83-7 | 26.00 | 179.00 | 205.00 | NOTE |
Version: 0.9-83-7
Check: package dependencies
Result: NOTE
Package which this enhances but not available for checking: ‘glmmADMB’
Flavors: r-devel-linux-x86_64-debian-clang, r-devel-linux-x86_64-debian-gcc, r-devel-linux-x86_64-fedora-clang, r-devel-linux-x86_64-fedora-gcc, r-devel-windows-x86_64, r-patched-linux-x86_64, r-release-linux-x86_64, r-release-macos-arm64, r-release-macos-x86_64, r-release-windows-x86_64, r-oldrel-macos-arm64, r-oldrel-windows-x86_64