CRAN Package Check Results for Package RUVIIIC

Last updated on 2021-09-19 09:50:40 CEST.

Flavor Version Tinstall Tcheck Ttotal Status Flags
r-devel-linux-x86_64-debian-clang 1.0.19 197.05 91.87 288.92 OK
r-devel-linux-x86_64-debian-gcc 1.0.19 148.03 74.54 222.57 OK
r-devel-linux-x86_64-fedora-clang 1.0.19 399.70 NOTE
r-devel-linux-x86_64-fedora-gcc 1.0.19 384.03 OK
r-devel-windows-x86_64 1.0.19 155.00 136.00 291.00 OK
r-devel-windows-x86_64-gcc10-UCRT 1.0.19 ERROR
r-patched-linux-x86_64 1.0.19 174.81 93.29 268.10 OK
r-patched-solaris-x86 1.0.19 385.50 OK
r-release-linux-x86_64 1.0.19 171.22 92.52 263.74 OK
r-release-macos-arm64 1.0.19 NOTE
r-release-macos-x86_64 1.0.19 NOTE
r-release-windows-ix86+x86_64 1.0.19 380.00 179.00 559.00 OK
r-oldrel-macos-x86_64 1.0.19 NOTE
r-oldrel-windows-ix86+x86_64 1.0.19 392.00 137.00 529.00 OK

Check Details

Version: 1.0.19
Check: installed package size
Result: NOTE
     installed size is 45.4Mb
     sub-directories of 1Mb or more:
     libs 44.7Mb
Flavors: r-devel-linux-x86_64-fedora-clang, r-release-macos-arm64, r-release-macos-x86_64, r-oldrel-macos-x86_64

Version: 1.0.19
Check: whether package can be installed
Result: ERROR
    Installation failed.
Flavor: r-devel-windows-x86_64-gcc10-UCRT