CRAN Package Check Results for Package RTextTools

Last updated on 2021-10-18 09:54:57 CEST.

Flavor Version Tinstall Tcheck Ttotal Status Flags
r-devel-linux-x86_64-debian-clang 1.4.3 11.71 108.32 120.03 OK
r-devel-linux-x86_64-debian-gcc 1.4.3 10.14 85.03 95.17 OK
r-devel-linux-x86_64-fedora-clang 1.4.3 156.34 NOTE
r-devel-linux-x86_64-fedora-gcc 1.4.3 143.00 NOTE
r-devel-windows-x86_64 1.4.3 25.00 150.00 175.00 OK
r-devel-windows-x86_64-gcc10-UCRT 1.4.3 OK
r-patched-linux-x86_64 1.4.3 12.06 103.24 115.30 OK
r-patched-solaris-x86 1.4.3 228.20 OK
r-release-linux-x86_64 1.4.3 12.32 102.77 115.09 OK
r-release-macos-arm64 1.4.3 OK
r-release-macos-x86_64 1.4.3 OK
r-release-windows-ix86+x86_64 1.4.3 30.00 191.00 221.00 OK
r-oldrel-macos-x86_64 1.4.3 OK
r-oldrel-windows-ix86+x86_64 1.4.3 38.00 197.00 235.00 OK

Check Details

Version: 1.4.3
Check: compiled code
Result: NOTE
    File ‘RTextTools/libs/RTextTools.so’:
     Found no calls to: ‘R_registerRoutines’, ‘R_useDynamicSymbols’
    
    It is good practice to register native routines and to disable symbol
    search.
    
    See ‘Writing portable packages’ in the ‘Writing R Extensions’ manual.
Flavors: r-devel-linux-x86_64-fedora-clang, r-devel-linux-x86_64-fedora-gcc