Last updated on 2024-04-17 08:57:44 CEST.
Flavor | Version | Tinstall | Tcheck | Ttotal | Status | Flags |
---|---|---|---|---|---|---|
r-devel-linux-x86_64-debian-clang | 0.1.3 | 3.99 | 38.24 | 42.23 | NOTE | |
r-devel-linux-x86_64-debian-gcc | 0.1.3 | 3.83 | 28.83 | 32.66 | NOTE | |
r-devel-linux-x86_64-fedora-clang | 0.1.3 | 54.54 | NOTE | |||
r-devel-linux-x86_64-fedora-gcc | 0.1.3 | 63.46 | NOTE | |||
r-prerel-macos-arm64 | 0.1.3 | 26.00 | NOTE | |||
r-prerel-windows-x86_64 | 0.1.3 | 5.00 | 50.00 | 55.00 | NOTE | |
r-patched-linux-x86_64 | 0.1.3 | 3.83 | 36.10 | 39.93 | NOTE | |
r-release-linux-x86_64 | 0.1.3 | 5.09 | 33.93 | 39.02 | NOTE | |
r-release-macos-arm64 | 0.1.3 | 39.00 | NOTE | |||
r-release-macos-x86_64 | 0.1.3 | 35.00 | NOTE | |||
r-release-windows-x86_64 | 0.1.3 | 6.00 | 50.00 | 56.00 | NOTE | |
r-oldrel-macos-arm64 | 0.1.3 | 19.00 | OK | |||
r-oldrel-windows-x86_64 | 0.1.3 | 8.00 | 55.00 | 63.00 | OK |
Version: 0.1.3
Check: package subdirectories
Result: NOTE
Problems with news in ‘NEWS.md’:
No news entries found.
Flavors: r-devel-linux-x86_64-debian-clang, r-devel-linux-x86_64-debian-gcc, r-devel-linux-x86_64-fedora-clang, r-devel-linux-x86_64-fedora-gcc, r-prerel-macos-arm64, r-prerel-windows-x86_64, r-patched-linux-x86_64, r-release-linux-x86_64, r-release-macos-arm64, r-release-macos-x86_64, r-release-windows-x86_64