CRAN Package Check Results for Package RSwissMaps

Last updated on 2021-10-26 10:04:40 CEST.

Flavor Version Tinstall Tcheck Ttotal Status Flags
r-devel-linux-x86_64-debian-clang 0.1.0.1 6.56 52.48 59.04 NOTE
r-devel-linux-x86_64-debian-gcc 0.1.0.1 4.85 39.07 43.92 NOTE
r-devel-linux-x86_64-fedora-clang 0.1.0.1 79.76 NOTE
r-devel-linux-x86_64-fedora-gcc 0.1.0.1 67.61 NOTE
r-devel-windows-x86_64 0.1.0.1 8.00 76.00 84.00 NOTE
r-devel-windows-x86_64-gcc10-UCRT 0.1.0.1 NOTE
r-patched-linux-x86_64 0.1.0.1 5.06 48.63 53.69 NOTE
r-patched-solaris-x86 0.1.0.1 98.70 NOTE
r-release-linux-x86_64 0.1.0.1 5.24 48.93 54.17 NOTE
r-release-macos-arm64 0.1.0.1 NOTE
r-release-macos-x86_64 0.1.0.1 NOTE
r-release-windows-ix86+x86_64 0.1.0.1 7.00 70.00 77.00 NOTE
r-oldrel-macos-x86_64 0.1.0.1 NOTE
r-oldrel-windows-ix86+x86_64 0.1.0.1 10.00 72.00 82.00 NOTE

Check Details

Version: 0.1.0.1
Check: package vignettes
Result: NOTE
    Package vignette with placeholder title 'Vignette Title':
     'vignette.Rmd'
Flavors: r-devel-linux-x86_64-debian-clang, r-devel-linux-x86_64-debian-gcc, r-devel-windows-x86_64, r-patched-linux-x86_64, r-release-linux-x86_64, r-release-windows-ix86+x86_64, r-oldrel-windows-ix86+x86_64

Version: 0.1.0.1
Check: for non-standard things in the check directory
Result: NOTE
    Found the following files/directories:
     'mapCH2017.rda'
Flavors: r-devel-linux-x86_64-debian-clang, r-devel-linux-x86_64-debian-gcc, r-devel-linux-x86_64-fedora-clang, r-devel-linux-x86_64-fedora-gcc, r-patched-linux-x86_64, r-patched-solaris-x86, r-release-linux-x86_64

Version: 0.1.0.1
Check: data for non-ASCII characters
Result: NOTE
     Note: found 18627 marked UTF-8 strings
Flavors: r-devel-linux-x86_64-fedora-clang, r-devel-linux-x86_64-fedora-gcc, r-devel-windows-x86_64-gcc10-UCRT, r-patched-solaris-x86, r-release-macos-arm64, r-release-macos-x86_64, r-oldrel-macos-x86_64