Last updated on 2024-04-23 10:54:16 CEST.
Flavor | Version | Tinstall | Tcheck | Ttotal | Status | Flags |
---|---|---|---|---|---|---|
r-devel-linux-x86_64-debian-clang | 2.3.6 | 168.15 | 84.77 | 252.92 | OK | |
r-devel-linux-x86_64-debian-gcc | 2.3.6 | 180.27 | 64.47 | 244.74 | NOTE | |
r-devel-linux-x86_64-fedora-clang | 2.3.6 | 371.34 | NOTE | |||
r-devel-linux-x86_64-fedora-gcc | 2.3.6 | 443.89 | NOTE | |||
r-prerel-macos-arm64 | 2.3.6 | 94.00 | NOTE | |||
r-prerel-macos-x86_64 | 2.3.6 | 231.00 | NOTE | |||
r-prerel-windows-x86_64 | 2.3.6 | 186.00 | 117.00 | 303.00 | OK | |
r-patched-linux-x86_64 | 2.3.6 | 205.42 | 84.84 | 290.26 | OK | |
r-release-linux-x86_64 | 2.3.6 | 201.71 | 83.22 | 284.93 | OK | |
r-release-macos-arm64 | 2.3.6 | 107.00 | NOTE | |||
r-release-macos-x86_64 | 2.3.6 | 204.00 | NOTE | |||
r-release-windows-x86_64 | 2.3.6 | 231.00 | 142.00 | 373.00 | OK | |
r-oldrel-macos-arm64 | 2.3.6 | 98.00 | NOTE | |||
r-oldrel-windows-x86_64 | 2.3.6 | 214.00 | 124.00 | 338.00 | OK |
Version: 2.3.6
Check: compiled code
Result: NOTE
File ‘RSQLite/libs/RSQLite.so’:
Found non-API calls to R: ‘SETLENGTH’, ‘SET_TRUELENGTH’
Compiled code should not call non-API entry points in R.
See ‘Writing portable packages’ in the ‘Writing R Extensions’ manual.
Flavors: r-devel-linux-x86_64-debian-gcc, r-devel-linux-x86_64-fedora-clang, r-devel-linux-x86_64-fedora-gcc
Version: 2.3.6
Check: installed package size
Result: NOTE
installed size is 12.3Mb
sub-directories of 1Mb or more:
libs 11.6Mb
Flavors: r-prerel-macos-arm64, r-prerel-macos-x86_64, r-release-macos-arm64, r-release-macos-x86_64, r-oldrel-macos-arm64