CRAN Package Check Results for Package RSPS

Last updated on 2021-10-19 09:54:26 CEST.

Flavor Version Tinstall Tcheck Ttotal Status Flags
r-devel-linux-x86_64-debian-clang 1.0 2.51 36.46 38.97 NOTE
r-devel-linux-x86_64-debian-gcc 1.0 2.51 27.14 29.65 NOTE
r-devel-linux-x86_64-fedora-clang 1.0 57.57 NOTE
r-devel-linux-x86_64-fedora-gcc 1.0 46.90 NOTE
r-devel-windows-x86_64 1.0 5.00 57.00 62.00 NOTE
r-devel-windows-x86_64-gcc10-UCRT 1.0 NOTE
r-patched-linux-x86_64 1.0 3.24 34.58 37.82 NOTE
r-patched-solaris-x86 1.0 70.60 NOTE
r-release-linux-x86_64 1.0 2.56 35.23 37.79 NOTE
r-release-macos-arm64 1.0 NOTE
r-release-macos-x86_64 1.0 NOTE
r-release-windows-ix86+x86_64 1.0 5.00 58.00 63.00 NOTE
r-oldrel-macos-x86_64 1.0 NOTE
r-oldrel-windows-ix86+x86_64 1.0 9.00 58.00 67.00 NOTE

Check Details

Version: 1.0
Check: R code for possible problems
Result: NOTE
    negbin.pow : negbin.disp: no visible global function definition for
     'rpois'
    negbin.pow : negbin.disp: no visible global function definition for
     'rnbinom'
    negbin.pow : inner.fcn: no visible global function definition for
     'na.omit'
    negbin.pow : inner.fcn: no visible global function definition for
     'quantile'
    negbin.pow: no visible global function definition for 'txtProgressBar'
    negbin.pow: no visible global function definition for
     'setTxtProgressBar'
    poiss.pow : inner.fcn: no visible global function definition for
     'rpois'
    poiss.pow : inner.fcn: no visible global function definition for
     'quantile'
    poiss.pow: no visible global function definition for 'txtProgressBar'
    poiss.pow: no visible global function definition for
     'setTxtProgressBar'
    Undefined global functions or variables:
     na.omit quantile rnbinom rpois setTxtProgressBar txtProgressBar
    Consider adding
     importFrom("stats", "na.omit", "quantile", "rnbinom", "rpois")
     importFrom("utils", "setTxtProgressBar", "txtProgressBar")
    to your NAMESPACE file.
Flavors: r-devel-linux-x86_64-debian-clang, r-devel-linux-x86_64-debian-gcc, r-devel-linux-x86_64-fedora-clang, r-devel-linux-x86_64-fedora-gcc, r-devel-windows-x86_64, r-devel-windows-x86_64-gcc10-UCRT, r-patched-linux-x86_64, r-patched-solaris-x86, r-release-linux-x86_64, r-release-macos-arm64, r-release-macos-x86_64, r-release-windows-ix86+x86_64, r-oldrel-macos-x86_64, r-oldrel-windows-ix86+x86_64

Version: 1.0
Check: LazyData
Result: NOTE
     'LazyData' is specified without a 'data' directory
Flavors: r-devel-linux-x86_64-debian-clang, r-devel-linux-x86_64-debian-gcc, r-devel-linux-x86_64-fedora-clang, r-devel-linux-x86_64-fedora-gcc, r-devel-windows-x86_64, r-devel-windows-x86_64-gcc10-UCRT, r-patched-linux-x86_64, r-patched-solaris-x86, r-release-linux-x86_64, r-release-macos-arm64, r-release-macos-x86_64, r-release-windows-ix86+x86_64