CRAN Package Check Results for Package RSNNS

Last updated on 2021-09-28 09:53:30 CEST.

Flavor Version Tinstall Tcheck Ttotal Status Flags
r-devel-linux-x86_64-debian-clang 0.4-14 80.94 52.69 133.63 OK
r-devel-linux-x86_64-debian-gcc 0.4-14 60.23 40.75 100.98 OK
r-devel-linux-x86_64-fedora-clang 0.4-14 236.67 NOTE
r-devel-linux-x86_64-fedora-gcc 0.4-14 172.95 OK
r-devel-windows-x86_64 0.4-14 94.00 62.00 156.00 OK
r-devel-windows-x86_64-gcc10-UCRT 0.4-14 OK
r-patched-linux-x86_64 0.4-14 72.02 51.63 123.65 OK
r-patched-solaris-x86 0.4-14 173.50 OK
r-release-linux-x86_64 0.4-14 69.59 51.53 121.12 OK
r-release-macos-arm64 0.4-14 NOTE
r-release-macos-x86_64 0.4-14 NOTE
r-release-windows-ix86+x86_64 0.4-14 221.00 110.00 331.00 OK
r-oldrel-macos-x86_64 0.4-14 NOTE
r-oldrel-windows-ix86+x86_64 0.4-14 199.00 94.00 293.00 OK

Check Details

Version: 0.4-14
Check: installed package size
Result: NOTE
     installed size is 5.3Mb
     sub-directories of 1Mb or more:
     libs 4.3Mb
Flavors: r-devel-linux-x86_64-fedora-clang, r-release-macos-arm64, r-release-macos-x86_64, r-oldrel-macos-x86_64