CRAN Package Check Results for Package RRPP

Last updated on 2021-09-17 09:53:36 CEST.

Flavor Version Tinstall Tcheck Ttotal Status Flags
r-devel-linux-x86_64-debian-clang 1.0.0 18.90 248.46 267.36 OK
r-devel-linux-x86_64-debian-gcc 1.0.0 13.53 176.80 190.33 OK
r-devel-linux-x86_64-fedora-clang 1.0.0 321.57 NOTE
r-devel-linux-x86_64-fedora-gcc 1.0.0 307.26 NOTE
r-devel-windows-x86_64 1.0.0 20.00 302.00 322.00 OK
r-devel-windows-x86_64-gcc10-UCRT 1.0.0 NOTE
r-patched-linux-x86_64 1.0.0 19.90 235.49 255.39 OK
r-patched-solaris-x86 1.0.0 591.40 NOTE
r-release-linux-x86_64 1.0.0 15.53 234.77 250.30 OK
r-release-macos-arm64 1.0.0 NOTE
r-release-macos-x86_64 1.0.0 NOTE
r-release-windows-ix86+x86_64 1.0.0 34.00 307.00 341.00 OK
r-oldrel-macos-x86_64 1.0.0 NOTE
r-oldrel-windows-ix86+x86_64 1.0.0 25.00 301.00 326.00 OK

Check Details

Version: 1.0.0
Check: dependencies in R code
Result: NOTE
    Namespace in Imports field not imported from: ‘Rcpp’
     All declared Imports should be used.
Flavors: r-devel-linux-x86_64-fedora-clang, r-devel-linux-x86_64-fedora-gcc, r-devel-windows-x86_64-gcc10-UCRT, r-patched-solaris-x86, r-release-macos-arm64, r-release-macos-x86_64, r-oldrel-macos-x86_64