CRAN Package Check Results for Package RRNA

Last updated on 2021-11-29 09:52:50 CET.

Flavor Version Tinstall Tcheck Ttotal Status Flags
r-devel-linux-x86_64-debian-clang 1.0 NOTE
r-devel-linux-x86_64-debian-gcc 1.0 2.57 21.91 24.48 NOTE
r-devel-linux-x86_64-fedora-clang 1.0 50.14 NOTE
r-devel-linux-x86_64-fedora-gcc 1.0 39.75 NOTE
r-devel-windows-x86_64-new-UL 1.0 9.00 52.00 61.00 OK
r-devel-windows-x86_64-new-TK 1.0 OK
r-devel-windows-x86_64-old 1.0 6.00 43.00 49.00 OK
r-patched-linux-x86_64 1.0 3.90 27.36 31.26 NOTE
r-patched-solaris-x86 1.0 53.70 NOTE
r-release-linux-x86_64 1.0 3.95 26.97 30.92 NOTE
r-release-macos-arm64 1.0 OK
r-release-macos-x86_64 1.0 OK
r-release-windows-ix86+x86_64 1.0 7.00 42.00 49.00 OK
r-oldrel-macos-x86_64 1.0 OK
r-oldrel-windows-ix86+x86_64 1.0 6.00 38.00 44.00 OK

Check Details

Version: 1.0
Check: for non-standard things in the check directory
Result: NOTE
    Found the following files/directories:
     'test.bpl' 'test.cr' 'test.ct'
Flavors: r-devel-linux-x86_64-debian-clang, r-devel-linux-x86_64-debian-gcc, r-devel-linux-x86_64-fedora-clang, r-devel-linux-x86_64-fedora-gcc, r-patched-linux-x86_64, r-patched-solaris-x86, r-release-linux-x86_64