CRAN Package Check Results for Package RRI

Last updated on 2021-10-25 09:55:33 CEST.

Flavor Version Tinstall Tcheck Ttotal Status Flags
r-devel-linux-x86_64-debian-clang 1.1 35.60 39.67 75.27 NOTE
r-devel-linux-x86_64-debian-gcc 1.1 26.45 29.59 56.04 NOTE
r-devel-linux-x86_64-fedora-clang 1.1 112.68 NOTE
r-devel-linux-x86_64-fedora-gcc 1.1 96.06 NOTE
r-devel-windows-x86_64 1.1 46.00 57.00 103.00 NOTE
r-devel-windows-x86_64-gcc10-UCRT 1.1 NOTE
r-patched-linux-x86_64 1.1 32.67 37.78 70.45 NOTE
r-patched-solaris-x86 1.1 111.40 NOTE
r-release-linux-x86_64 1.1 29.00 37.65 66.65 NOTE
r-release-macos-arm64 1.1 NOTE
r-release-macos-x86_64 1.1 NOTE
r-release-windows-ix86+x86_64 1.1 65.00 95.00 160.00 NOTE
r-oldrel-macos-x86_64 1.1 OK
r-oldrel-windows-ix86+x86_64 1.1 87.00 96.00 183.00 OK

Check Details

Version: 1.1
Check: LazyData
Result: NOTE
     'LazyData' is specified without a 'data' directory
Flavors: r-devel-linux-x86_64-debian-clang, r-devel-linux-x86_64-debian-gcc, r-devel-linux-x86_64-fedora-clang, r-devel-linux-x86_64-fedora-gcc, r-devel-windows-x86_64, r-devel-windows-x86_64-gcc10-UCRT, r-patched-linux-x86_64, r-patched-solaris-x86, r-release-linux-x86_64, r-release-macos-arm64, r-release-macos-x86_64, r-release-windows-ix86+x86_64