CRAN Package Check Results for Package RQEntangle

Last updated on 2021-07-27 09:53:36 CEST.

Flavor Version Tinstall Tcheck Ttotal Status Flags
r-devel-linux-x86_64-debian-clang 0.1.3 2.19 44.62 46.81 NOTE
r-devel-linux-x86_64-debian-gcc 0.1.3 1.85 32.35 34.20 NOTE
r-devel-linux-x86_64-fedora-clang 0.1.3 63.64 NOTE
r-devel-linux-x86_64-fedora-gcc 0.1.3 54.47 NOTE
r-devel-windows-x86_64 0.1.3 5.00 60.00 65.00 NOTE
r-devel-windows-x86_64-gcc10-UCRT 0.1.3 NOTE
r-patched-linux-x86_64 0.1.3 2.17 41.42 43.59 NOTE
r-patched-solaris-x86 0.1.3 70.90 NOTE
r-release-linux-x86_64 0.1.3 2.20 42.04 44.24 NOTE
r-release-macos-arm64 0.1.3 WARN
r-release-macos-x86_64 0.1.3 NOTE
r-release-windows-ix86+x86_64 0.1.3 6.00 47.00 53.00 NOTE
r-oldrel-macos-x86_64 0.1.3 OK
r-oldrel-windows-ix86+x86_64 0.1.3 5.00 67.00 72.00 OK

Check Details

Version: 0.1.3
Check: LazyData
Result: NOTE
     'LazyData' is specified without a 'data' directory
Flavors: r-devel-linux-x86_64-debian-clang, r-devel-linux-x86_64-debian-gcc, r-devel-linux-x86_64-fedora-clang, r-devel-linux-x86_64-fedora-gcc, r-devel-windows-x86_64, r-devel-windows-x86_64-gcc10-UCRT, r-patched-linux-x86_64, r-patched-solaris-x86, r-release-linux-x86_64, r-release-macos-arm64, r-release-macos-x86_64, r-release-windows-ix86+x86_64

Version: 0.1.3
Check: re-building of vignette outputs
Result: WARN
    Error(s) in re-building vignettes:
    --- re-building ‘CoupledHarmonics.Rmd’ using rmarkdown
    Warning in engine$weave(file, quiet = quiet, encoding = enc) :
     Pandoc (>= 1.12.3) not available. Falling back to R Markdown v1.
    Quitting from lines 40-42 (CoupledHarmonics.Rmd)
    Error: processing vignette 'CoupledHarmonics.Rmd' failed with diagnostics:
    polygon edge not found
    --- failed re-building ‘CoupledHarmonics.Rmd’
    
    --- re-building ‘CoupledHarmonics2.Rmd’ using rmarkdown
    Warning in engine$weave(file, quiet = quiet, encoding = enc) :
     Pandoc (>= 1.12.3) not available. Falling back to R Markdown v1.
    Quitting from lines 40-42 (CoupledHarmonics2.Rmd)
    Error: processing vignette 'CoupledHarmonics2.Rmd' failed with diagnostics:
    polygon edge not found
    --- failed re-building ‘CoupledHarmonics2.Rmd’
    
    --- re-building ‘CoupledTwoLevelSystems.Rmd’ using rmarkdown
    Warning in engine$weave(file, quiet = quiet, encoding = enc) :
     Pandoc (>= 1.12.3) not available. Falling back to R Markdown v1.
    --- finished re-building ‘CoupledTwoLevelSystems.Rmd’
    
    SUMMARY: processing the following files failed:
     ‘CoupledHarmonics.Rmd’ ‘CoupledHarmonics2.Rmd’
    
    Error: Vignette re-building failed.
    Execution halted
Flavor: r-release-macos-arm64