CRAN Package Check Results for Package RPESE

Last updated on 2021-10-16 09:54:30 CEST.

Flavor Version Tinstall Tcheck Ttotal Status Flags
r-devel-linux-x86_64-debian-clang 1.2.4 3.62 45.66 49.28 OK
r-devel-linux-x86_64-debian-gcc 1.2.4 3.01 34.79 37.80 OK
r-devel-linux-x86_64-fedora-clang 1.2.4 71.77 OK
r-devel-linux-x86_64-fedora-gcc 1.2.4 2.85 ERROR
r-devel-windows-x86_64 1.2.4 8.00 50.00 58.00 OK
r-devel-windows-x86_64-gcc10-UCRT 1.2.4 OK
r-patched-linux-x86_64 1.2.4 4.12 44.27 48.39 OK
r-patched-solaris-x86 1.2.4 83.30 OK
r-release-linux-x86_64 1.2.4 2.94 43.97 46.91 OK
r-release-macos-arm64 1.2.4 OK
r-release-macos-x86_64 1.2.4 OK
r-release-windows-ix86+x86_64 1.2.4 10.00 70.00 80.00 OK
r-oldrel-macos-x86_64 1.2.4 OK
r-oldrel-windows-ix86+x86_64 1.2.4 11.00 68.00 79.00 OK

Check Details

Version: 1.2.4
Check: package dependencies
Result: ERROR
    Package required but not available: ‘RobStatTM’
    
    See section ‘The DESCRIPTION file’ in the ‘Writing R Extensions’
    manual.
Flavor: r-devel-linux-x86_64-fedora-gcc