CRAN Package Check Results for Package ROI.plugin.cplex

Last updated on 2022-01-24 10:52:10 CET.

Flavor Version Tinstall Tcheck Ttotal Status Flags
r-devel-linux-x86_64-debian-clang 0.3-0 6.24 52.15 58.39 OK --no-tests
r-devel-linux-x86_64-debian-gcc 0.3-0 3.06 37.96 41.02 OK --no-tests
r-devel-windows-x86_64-new-UL 0.3-0 2.00 23.00 25.00 ERROR
r-devel-windows-x86_64-new-TK 0.3-0 ERROR --no-tests
r-patched-linux-x86_64 0.3-0 5.97 50.61 56.58 OK --no-tests
r-release-linux-x86_64 0.3-0 5.83 50.30 56.13 OK --no-tests
r-release-macos-arm64 0.3-0 ERROR
r-release-macos-x86_64 0.3-0 ERROR
r-oldrel-macos-x86_64 0.3-0 ERROR
r-oldrel-windows-ix86+x86_64 0.3-0 1.00 7.00 8.00 ERROR

Check Details

Version: 0.3-0
Check: package dependencies
Result: ERROR
    Package required but not available: 'Rcplex'
    
    See section 'The DESCRIPTION file' in the 'Writing R Extensions'
    manual.
Flavors: r-devel-windows-x86_64-new-UL, r-release-macos-arm64, r-release-macos-x86_64, r-oldrel-macos-x86_64, r-oldrel-windows-ix86+x86_64

Version: 0.3-0
Flags: --no-tests
Check: package dependencies
Result: ERROR
    Package required but not available: 'Rcplex'
    
    See section 'The DESCRIPTION file' in the 'Writing R Extensions'
    manual.
Flavor: r-devel-windows-x86_64-new-TK