CRAN Package Check Results for Package RNAstructureModuleMiner

Last updated on 2022-01-18 10:17:27 CET.

Flavor Version Tinstall Tcheck Ttotal Status Flags
r-devel-linux-x86_64-debian-clang 0.1.0 2.67 32.32 34.99 NOTE
r-devel-linux-x86_64-debian-gcc 0.1.0 2.09 25.92 28.01 NOTE
r-devel-linux-x86_64-fedora-clang 0.1.0 43.60 NOTE
r-devel-linux-x86_64-fedora-gcc 0.1.0 32.37 NOTE
r-devel-windows-x86_64-new-UL 0.1.0 231.00 48.00 279.00 NOTE
r-devel-windows-x86_64-new-TK 0.1.0 NOTE
r-patched-linux-x86_64 0.1.0 1.75 30.84 32.59 NOTE
r-release-linux-x86_64 0.1.0 NOTE
r-release-macos-arm64 0.1.0 NOTE
r-release-macos-x86_64 0.1.0 NOTE
r-release-windows-ix86+x86_64 0.1.0 5.00 40.00 45.00 NOTE
r-oldrel-macos-x86_64 0.1.0 OK
r-oldrel-windows-ix86+x86_64 0.1.0 5.00 35.00 40.00 OK

Check Details

Version: 0.1.0
Check: LazyData
Result: NOTE
     'LazyData' is specified without a 'data' directory
Flavors: r-devel-linux-x86_64-debian-clang, r-devel-linux-x86_64-debian-gcc, r-devel-linux-x86_64-fedora-clang, r-devel-linux-x86_64-fedora-gcc, r-devel-windows-x86_64-new-UL, r-devel-windows-x86_64-new-TK, r-patched-linux-x86_64, r-release-linux-x86_64, r-release-macos-arm64, r-release-macos-x86_64, r-release-windows-ix86+x86_64