CRAN Package Check Results for Package RMTL

Last updated on 2021-10-26 10:04:39 CEST.

Flavor Version Tinstall Tcheck Ttotal Status Flags
r-devel-linux-x86_64-debian-clang 0.9 4.98 48.48 53.46 NOTE
r-devel-linux-x86_64-debian-gcc 0.9 3.45 36.59 40.04 NOTE
r-devel-linux-x86_64-fedora-clang 0.9 74.00 OK
r-devel-linux-x86_64-fedora-gcc 0.9 63.64 OK
r-devel-windows-x86_64 0.9 7.00 69.00 76.00 NOTE
r-devel-windows-x86_64-gcc10-UCRT 0.9 OK
r-patched-linux-x86_64 0.9 4.32 46.97 51.29 NOTE
r-patched-solaris-x86 0.9 69.90 OK
r-release-linux-x86_64 0.9 4.50 47.10 51.60 NOTE
r-release-macos-arm64 0.9 OK
r-release-macos-x86_64 0.9 OK
r-release-windows-ix86+x86_64 0.9 7.00 63.00 70.00 NOTE
r-oldrel-macos-x86_64 0.9 OK
r-oldrel-windows-ix86+x86_64 0.9 9.00 68.00 77.00 NOTE

Check Details

Version: 0.9
Check: package vignettes
Result: NOTE
    Package vignette with placeholder title 'Vignette Title':
     'rmtl.Rmd'
Flavors: r-devel-linux-x86_64-debian-clang, r-devel-linux-x86_64-debian-gcc, r-devel-windows-x86_64, r-patched-linux-x86_64, r-release-linux-x86_64, r-release-windows-ix86+x86_64, r-oldrel-windows-ix86+x86_64