Last updated on 2024-04-18 10:50:00 CEST.
Flavor | Version | Tinstall | Tcheck | Ttotal | Status | Flags |
---|---|---|---|---|---|---|
r-devel-linux-x86_64-debian-clang | 3.2.4 | 130.57 | 61.34 | 191.91 | NOTE | |
r-devel-linux-x86_64-debian-gcc | 3.2.4 | 100.01 | 46.51 | 146.52 | NOTE | |
r-devel-linux-x86_64-fedora-clang | 3.2.4 | 281.47 | NOTE | |||
r-devel-linux-x86_64-fedora-gcc | 3.2.4 | 285.95 | NOTE | |||
r-prerel-macos-arm64 | 3.2.4 | 66.00 | NOTE | |||
r-prerel-windows-x86_64 | 3.2.4 | 99.00 | 91.00 | 190.00 | NOTE | |
r-patched-linux-x86_64 | 3.2.4 | 129.14 | 59.62 | 188.76 | NOTE | |
r-release-linux-x86_64 | 3.2.4 | 126.77 | 57.56 | 184.33 | NOTE | |
r-release-macos-arm64 | 3.2.4 | 74.00 | NOTE | |||
r-release-macos-x86_64 | 3.2.4 | 110.00 | NOTE | |||
r-release-windows-x86_64 | 3.2.4 | 121.00 | 104.00 | 225.00 | NOTE | |
r-oldrel-macos-arm64 | 3.2.4 | 56.00 | OK | |||
r-oldrel-windows-x86_64 | 3.2.4 | 124.00 | 105.00 | 229.00 | OK |
Version: 3.2.4
Check: C++ specification
Result: NOTE
Specified C++11: please drop specification unless essential
Flavors: r-devel-linux-x86_64-debian-clang, r-devel-linux-x86_64-debian-gcc, r-devel-linux-x86_64-fedora-clang, r-devel-linux-x86_64-fedora-gcc, r-prerel-macos-arm64, r-prerel-windows-x86_64, r-patched-linux-x86_64, r-release-linux-x86_64, r-release-macos-arm64, r-release-macos-x86_64, r-release-windows-x86_64