CRAN Package Check Results for Package RInno

Last updated on 2021-09-17 09:53:35 CEST.

Flavor Version Tinstall Tcheck Ttotal Status Flags
r-devel-windows-x86_64 1.0.1 17.00 141.00 158.00 NOTE
r-devel-windows-x86_64-gcc10-UCRT 1.0.1 NOTE
r-release-macos-arm64 1.0.1 NOTE
r-release-windows-ix86+x86_64 1.0.1 11.00 149.00 160.00 NOTE
r-oldrel-windows-ix86+x86_64 1.0.1 9.00 104.00 113.00 OK

Check Details

Version: 1.0.1
Check: LazyData
Result: NOTE
     'LazyData' is specified without a 'data' directory
Flavors: r-devel-windows-x86_64, r-devel-windows-x86_64-gcc10-UCRT, r-release-macos-arm64, r-release-windows-ix86+x86_64

Version: 1.0.1
Check: dependencies in R code
Result: NOTE
    Namespaces in Imports field not imported from:
     'httr' 'remotes' 'rmarkdown' 'shiny'
     All declared Imports should be used.
Flavors: r-devel-windows-x86_64-gcc10-UCRT, r-release-macos-arm64