CRAN Package Check Results for Package RHPCBenchmark

Last updated on 2021-10-19 09:54:25 CEST.

Flavor Version Tinstall Tcheck Ttotal Status Flags
r-devel-linux-x86_64-debian-clang 0.1.0 5.21 37.47 42.68 NOTE
r-devel-linux-x86_64-debian-gcc 0.1.0 4.28 29.01 33.29 NOTE
r-devel-linux-x86_64-fedora-clang 0.1.0 61.98 NOTE
r-devel-linux-x86_64-fedora-gcc 0.1.0 51.56 NOTE
r-devel-windows-x86_64 0.1.0 10.00 56.00 66.00 NOTE
r-devel-windows-x86_64-gcc10-UCRT 0.1.0 NOTE
r-patched-linux-x86_64 0.1.0 5.45 36.09 41.54 NOTE
r-patched-solaris-x86 0.1.0 73.20 NOTE
r-release-linux-x86_64 0.1.0 4.58 35.94 40.52 NOTE
r-release-macos-arm64 0.1.0 NOTE
r-release-macos-x86_64 0.1.0 NOTE
r-release-windows-ix86+x86_64 0.1.0 9.00 54.00 63.00 NOTE
r-oldrel-macos-x86_64 0.1.0 OK
r-oldrel-windows-ix86+x86_64 0.1.0 12.00 55.00 67.00 OK

Check Details

Version: 0.1.0
Check: LazyData
Result: NOTE
     'LazyData' is specified without a 'data' directory
Flavors: r-devel-linux-x86_64-debian-clang, r-devel-linux-x86_64-debian-gcc, r-devel-linux-x86_64-fedora-clang, r-devel-linux-x86_64-fedora-gcc, r-devel-windows-x86_64, r-devel-windows-x86_64-gcc10-UCRT, r-patched-linux-x86_64, r-patched-solaris-x86, r-release-linux-x86_64, r-release-macos-arm64, r-release-macos-x86_64, r-release-windows-ix86+x86_64